Anyone good with logcat? Game crashes upon opening, not sure why.

I don’t really understand the logcat file, but it is short if someone doesn’t mind taking a quick look.
Trying to isolate the source of the crash so that I may resolve it.

Logcat aside, how do I pull debug files after a crash? I can’t find any resources on how to achieve this. Thanks.



I/GLSUser (32577): [ChannelManager] Checking whether channelId is enabled. isEna
bledGmsCore? false, isEnabledSdk? true, isAtLeastKitKat? true
I/Gmail   (  473): calculateUnknownSyncRationalesAndPurgeInBackground: queueing
E/SQLiteLog(  532): (1) no such table: mmsconfig
I/Babel_SMS(  532): MmsConfig: no mmsconfig table android.database.sqlite.SQLite
Exception: no such table: mmsconfig (code 1): , while compiling: SELECT key, val
ue, type FROM mmsconfig WHERE numeric=?
I/Babel_SMS(  532): MmsConfig.loadFromResources
E/Babel_SMS(  532): canonicalizeMccMnc: invalid mccmnc nullnull
W/Babel_SMS(  532): MmsConfig: invalid key=userAgent or type=string
W/Babel_SMS(  532): MmsConfig: invalid key=uaProfUrl or type=string
I/Babel_SMS(  532): MmsConfig.loadMmsSettings: mUserAgent=CyanogenMod, mUaProfUr
l=http://www.google.com/oha/rdf/ua-profile-kila.xml
I/Gmail   (  473): calculateUnknownSyncRationalesAndPurgeInBackground: running
I/Gmail   (  473): calculateUnknownSyncRationalesAndPurgeInBackground: running
W/Settings(  532): Setting airplane_mode_on has moved from android.provider.Sett
ings.System to android.provider.Settings.Global, returning read-only value.
I/Babel_Crash(  532): startup - clean
I/Babel_telephony(  532): TeleModule.launchCompleted
W/Telecom (14391): TelecomServiceImpl: null is not visible for the calling user
I/Babel_telephony(  532): TeleModule.updateConnectionManagerRegistration, regist
ration preference changed from false to false
W/Babel   (  532): BAM#gBA: invalid account id: -1
W/Babel   (  532): BAM#gBA: invalid account id: -1
I/Babel_telephony(  532): TeleModule.updateIncomingCallRegistration, preferred a
ccount for incoming calls changed from: null to null
W/Telecom (14391): TelecomServiceImpl: null is not visible for the calling user
I/Babel   (  532): deleted: false for 2
I/Gmail   (  473): master sync=true, engine sync=false
D/GCM     (32577): GcmService start Intent { act=com.google.android.gms.INITIALI
ZE flg=0x10 pkg=com.google.android.gms cmp=com.google.android.gms/.gcm.GcmServic
e } com.google.android.gms.INITIALIZE
D/AuthorizationBluetoothService(32577): Received GmsCore event: Intent { act=com
.google.android.gms.INITIALIZE flg=0x10 pkg=com.google.android.gms cmp=com.googl
e.android.gms/.auth.be.proximity.authorization.bt.AuthorizationBluetoothService$
AutoStarter }.
V/GmsCoreStatsServiceLauncher(32702): Received broadcast intent Intent { act=com
.google.android.gms.INITIALIZE flg=0x10 pkg=com.google.android.gms cmp=com.googl
e.android.gms/.common.stats.GmsCoreStatsServiceLauncher }
E/MDM     (32745): [2741] b.run: Couldn't connect to Google API client: Connecti
onResult{statusCode=API_UNAVAILABLE, resolution=null}
D/LocationInitializer(32702): Restart initialization of location
D/GCM     (32577): GcmService start Intent { act=com.google.android.gms.INITIALI
ZE flg=0x10 pkg=com.google.android.gms cmp=com.google.android.gms/.gcm.GcmServic
e } com.google.android.gms.INITIALIZE
D/AuthorizationBluetoothService(32577): Received GmsCore event: Intent { act=com
.google.android.gms.INITIALIZE flg=0x10 pkg=com.google.android.gms cmp=com.googl
e.android.gms/.auth.be.proximity.authorization.bt.AuthorizationBluetoothService$
AutoStarter }.
W/VideoCapabilities(  532): Unrecognized profile 2130706433 for video/avc
V/GmsCoreStatsServiceLauncher(32702): Received broadcast intent Intent { act=com
.google.android.gms.INITIALIZE flg=0x10 pkg=com.google.android.gms cmp=com.googl
e.android.gms/.common.stats.GmsCoreStatsServiceLauncher }
E/MDM     (32745): [2742] b.run: Couldn't connect to Google API client: Connecti
onResult{statusCode=API_UNAVAILABLE, resolution=null}
D/LocationInitializer(32702): Restart initialization of location
W/AudioCapabilities(  532): Unsupported mime audio/amr-wb-plus
W/VideoCapabilities(  532): Unsupported mime video/mpeg2
W/VideoCapabilities(  532): Unsupported mime video/mp4v-esdp
I/Gmail   (  473): getAccountsCursor
I/VideoCapabilities(  532): Unsupported profile 4 for video/mp4v-es
W/AudioCapabilities(  532): Unsupported mime audio/ac3
W/AudioCapabilities(  532): Unsupported mime audio/x-ape
W/AudioCapabilities(  532): Unsupported mime audio/ffmpeg
W/AudioCapabilities(  532): Unsupported mime audio/vnd.dts
W/AudioCapabilities(  532): Unsupported mime audio/mpeg-L2
W/AudioCapabilities(  532): Unsupported mime audio/vnd.rn-realaudio
W/AudioCapabilities(  532): Unsupported mime audio/x-ms-wma
W/VideoCapabilities(  532): Unsupported mime video/divx
W/VideoCapabilities(  532): Unsupported mime video/x-flv
W/VideoCapabilities(  532): Unsupported mime video/mpeg2
W/VideoCapabilities(  532): Unsupported mime video/vnd.rn-realvideo
W/VideoCapabilities(  532): Unsupported mime video/vc1
W/VideoCapabilities(  532): Unsupported mime video/ffmpeg
W/VideoCapabilities(  532): Unsupported mime video/x-ms-wmv
I/Gmail   (  473): master sync=true, engine sync=false
W/VideoCapabilities(  532): Unrecognized profile 2130706433 for video/avc
W/VideoCapabilities(  532): Unrecognized profile 2130706433 for video/avc
W/VideoCapabilities(  532): Unrecognized profile 2130706433 for video/avc
W/VideoCapabilities(  532): Unrecognized profile 2130706433 for video/avc
I/vclib   (  532): onServiceConnected
V/GLSActivity(32577): AuthDelegateWrapperCreated with selected intent: Intent {
cmp=com.google.android.gms/.auth.DefaultAuthDelegateService }
I/ActivityManager(14391): Start proc 683:com.walmart.android/u0a100 for broadcas
t com.walmart.android/.wmservice.WalmartLocationService$AlarmReceiver
E/SQLiteLog(  473): (283) recovered 504 frames from WAL file /data/user/0/com.go
ogle.android.gm/databases/mailstore
I/Gmail   (  473): getAccountsCursor
V/GLSActivity(32577): AuthDelegateWrapperCreated with selected intent: Intent {
cmp=com.google.android.gms/.auth.DefaultAuthDelegateService }
I/Gmail   (  473): notifyAccountChanged
I/Gmail   (  473): calculateUnknownSyncRationalesAndPurgeInBackground: queueing
I/Gmail   (  473): calculateUnknownSyncRationalesAndPurgeInBackground: queueing
I/Gmail   (  473): calculateUnknownSyncRationalesAndPurgeInBackground: running
I/Gmail   (  473): calculateUnknownSyncRationalesAndPurgeInBackground: running
E/SQLiteLog(  473): (283) recovered 490 frames from WAL file /data/user/0/com.go
ogle.android.gm/databases/mailstore
I/LoadedApk(  683): No resource references to update in package com.huunam0241.m
ios2015
I/Gmail   (  473): notifyAccountChanged
I/Gmail   (  473): calculateUnknownSyncRationalesAndPurgeInBackground: queueing
I/Gmail   (  473): calculateUnknownSyncRationalesAndPurgeInBackground: queueing
I/Gmail   (  473): calculateUnknownSyncRationalesAndPurgeInBackground: running
I/Gmail   (  473): calculateUnknownSyncRationalesAndPurgeInBackground: running
I/Gmail   (  473): master sync=true, engine sync=false
I/Gmail   (  473): master sync=true, engine sync=false
I/Gmail   (  473): master sync=true, engine sync=false
I/Gmail   (  473): getAccountsCursor
V/GLSActivity(32577): AuthDelegateWrapperCreated with selected intent: Intent {
cmp=com.google.android.gms/.auth.DefaultAuthDelegateService }
E/SQLiteLog(  473): (283) recovered 453 frames from WAL file /data/user/0/com.go
ogle.android.gm/databases/mailstore
I/Crashlytics(  683): Initializing Crashlytics 1.1.13.29
I/Gmail   (  473): notifyAccountChanged
I/Gmail   (  473): calculateUnknownSyncRationalesAndPurgeInBackground: queueing
I/Gmail   (  473): calculateUnknownSyncRationalesAndPurgeInBackground: queueing
E/SQLiteLog(  473): (283) recovered 47 frames from WAL file /data/user/0/com.goo
gle.android.gm/databases/mailstore
I/Gmail   (  473): master sync=true, engine sync=false
I/Gmail   (  473): calculateUnknownSyncRationalesAndPurgeInBackground: running
I/Gmail   (  473): calculateUnknownSyncRationalesAndPurgeInBackground: running
I/Gmail   (  473): master sync=true, engine sync=false
I/Gmail   (  473): master sync=true, engine sync=false
I/Gmail   (  473): master sync=true, engine sync=false
I/Gmail   (  473): getAccountsCursor
V/GLSActivity(32577): AuthDelegateWrapperCreated with selected intent: Intent {
cmp=com.google.android.gms/.auth.DefaultAuthDelegateService }
I/Gmail   (  473): notifyAccountChanged
I/Gmail   (  473): calculateUnknownSyncRationalesAndPurgeInBackground: queueing
I/Gmail   (  473): calculateUnknownSyncRationalesAndPurgeInBackground: queueing
I/Gmail   (  473): master sync=true, engine sync=false
I/Gmail   (  473): master sync=true, engine sync=false
I/Gmail   (  473): calculateUnknownSyncRationalesAndPurgeInBackground: running
I/Gmail   (  473): calculateUnknownSyncRationalesAndPurgeInBackground: running
I/Gmail   (  473): master sync=true, engine sync=false
I/Gmail   (  473): master sync=true, engine sync=false
I/Gmail   (  473): getAccountsCursor
V/GLSActivity(32577): AuthDelegateWrapperCreated with selected intent: Intent {
cmp=com.google.android.gms/.auth.DefaultAuthDelegateService }
I/Gmail   (  473): master sync=true, engine sync=false
I/Gmail   (  473): master sync=true, engine sync=false
W/ActivityManager(14391): getRunningAppProcesses: caller 10100 does not hold REA
L_GET_TASKS; limiting output
I/Gmail   (  473): master sync=true, engine sync=false
W/ActivityManager(14391): getRunningAppProcesses: caller 10100 does not hold REA
L_GET_TASKS; limiting output
I/Gmail   (  473): master sync=true, engine sync=false
W/ActivityManager(14391): getRunningAppProcesses: caller 10100 does not hold REA
L_GET_TASKS; limiting output
D/GCM     (32577): GcmService start Intent { act=com.google.android.gms.INITIALI
ZE flg=0x10 pkg=com.google.android.gms cmp=com.google.android.gms/.gcm.GcmServic
e } com.google.android.gms.INITIALIZE
D/AuthorizationBluetoothService(32577): Received GmsCore event: Intent { act=com
.google.android.gms.INITIALIZE flg=0x10 pkg=com.google.android.gms cmp=com.googl
e.android.gms/.auth.be.proximity.authorization.bt.AuthorizationBluetoothService$
AutoStarter }.
V/GmsCoreStatsServiceLauncher(32702): Received broadcast intent Intent { act=com
.google.android.gms.INITIALIZE flg=0x10 pkg=com.google.android.gms cmp=com.googl
e.android.gms/.common.stats.GmsCoreStatsServiceLauncher }
E/MDM     (32745): [2743] b.run: Couldn't connect to Google API client: Connecti
onResult{statusCode=API_UNAVAILABLE, resolution=null}
D/LocationInitializer(32702): Restart initialization of location
D/Walmart Channel ID(  683): f99bf457-5c7a-4e9d-b80e-31846c3cdb18
W/ActivityManager(14391): Unable to start service Intent { act=com.urbanairship.
richpush.USER_UPDATE cmp=com.walmart.android/com.urbanairship.richpush.RichPushU
pdateService (has extras) } U=0: not found
W/art     (  683): Long monitor contention event with owner method=boolean com.c
rashlytics.android.internal.aS.c() from SourceFile:125 waiters=0 for 517ms
W/ActivityManager(14391): Unable to start service Intent { act=com.urbanairship.
location.ACTION_STOP_UPDATES cmp=com.walmart.android/com.urbanairship.location.L
ocationService } U=0: not found
I/ThermalEngine(  509): Sensor:chg_therm:32000 mC
I/rmt_storage(  494): rmt_storage_connect_cb: clnt_h=0xae conn_h=0xb6403090
I/rmt_storage(  494): rmt_storage_rw_iovec_cb: /boot/modem_fs1: clnt_h=0x1: req_
h=0xb2 msg_id=3: R/W request received
I/rmt_storage(  494): wakelock acquired: 1, error no: 42
I/rmt_storage(  494): rmt_storage_client_thread: /boot/modem_fs1: clnt_h=0x1 Unb
lock worker thread (th_id: -1236807552)
I/rmt_storage(  494): rmt_storage_client_thread: /boot/modem_fs1: clnt_h=0x1: re
q_h=0xb2 msg_id=3: Bytes written = 1572864
I/rmt_storage(  494): rmt_storage_client_thread: /boot/modem_fs1: clnt_h=0x1: re
q_h=0xb2 msg_id=3: Send response: res=0 err=0
I/rmt_storage(  494): rmt_storage_client_thread: /boot/modem_fs1: clnt_h=0x1 Abo
ut to block rmt_storage client thread (th_id: -1236807552) wakelock released: 1,
 error no: 0
I/rmt_storage(  494):
I/rmt_storage(  494): rmt_storage_disconnect_cb: clnt_h=0x0xae conn_h=0x0xb64030
90
I/GAV2    (  473): Thread[GAThread,5,main]: No campaign data found.
I/art     (14391): Explicit concurrent mark sweep GC freed 80957(4MB) AllocSpace
 objects, 10(1506KB) LOS objects, 29% free, 37MB/53MB, paused 1.931ms total 135.
112ms
I/ActivityManager(14391): Start proc 815:com.google.android.googlequicksearchbox
:interactor/u0a25 for service com.google.android.googlequicksearchbox/com.google
.android.voiceinteraction.GsaVoiceInteractionService
I/LoadedApk(  815): No resource references to update in package com.huunam0241.m
ios2015
I/ActivityManager(14391): Start proc 841:com.google.android.googlequicksearchbox
:search/u0a25 for service com.google.android.googlequicksearchbox/com.google.and
roid.hotword.service.HotwordService
I/LoadedApk(  841): No resource references to update in package com.huunam0241.m
ios2015
I/ActivityManager(14391): Start proc 884:com.google.android.partnersetup/u0a21 f
or content provider com.google.android.partnersetup/.RlzAppProvider
W/KeyphraseEnrollmentInfo(  815): Enrollment application doesn't support keyphra
ses
I/art     (14111): Explicit concurrent mark sweep GC freed 706(30KB) AllocSpace
objects, 0(0B) LOS objects, 40% free, 16MB/26MB, paused 445us total 21.956ms
I/art     (14111): Explicit concurrent mark sweep GC freed 5(160B) AllocSpace ob
jects, 0(0B) LOS objects, 40% free, 16MB/26MB, paused 410us total 18.148ms
I/art     (14111): Explicit concurrent mark sweep GC freed 5(160B) AllocSpace ob
jects, 0(0B) LOS objects, 40% free, 16MB/26MB, paused 204us total 10.709ms
I/LoadedApk(  884): No resource references to update in package com.huunam0241.m
ios2015
V/AudioService(14391): updateRemoteControllerOnExistingMediaPlayers: size of Pla
yer list: 0
E/AudioService(14391): No RCC entry present to update
I/ThermalEngine(  509): Sensor:chg_therm:32000 mC
I/art     (15302): Explicit concurrent mark sweep GC freed 64227(3MB) AllocSpace
 objects, 27(4MB) LOS objects, 24% free, 49MB/65MB, paused 1.519ms total 51.362m
s
I/ActivityManager(14391): Waited long enough for: ServiceRecord{1d7ac0e2 u0 com.
walmart.android/.wmservice.WalmartLocationService}
W/GCoreFlp(32745): No location to return for getLastLocation()
I/ActivityManager(14391): Start proc 957:org.cyanogenmod.profiles/u0a47 for serv
ice org.cyanogenmod.profiles/.ProfilesTrustAgent
I/LoadedApk(  957): No resource references to update in package com.huunam0241.m
ios2015
I/art     (15673): Explicit concurrent mark sweep GC freed 95(4KB) AllocSpace ob
jects, 0(0B) LOS objects, 40% free, 16MB/26MB, paused 1.977ms total 57.247ms
I/PowerManagerService(14391): Going to sleep due to screen timeout (uid 1000)...

I/ThermalEngine(  509): Sensor:chg_therm:32000 mC
I/DisplayManagerService(14391): Display device changed: DisplayDeviceInfo{"Built
-in Screen": uniqueId="local:0", 1080 x 1920, 60.0 fps, supportedRefreshRates [6
0.0], density 480, 422.03 x 424.069 dpi, appVsyncOff 0, presDeadline 17666667, t
ouch INTERNAL, rotation 0, type BUILT_IN, state OFF, FLAG_DEFAULT_DISPLAY, FLAG_
ROTATES_WITH_CONTENT, FLAG_SECURE, FLAG_SUPPORTS_PROTECTED_BUFFERS}
V/ActivityManager(14391): Display changed displayId=0
D/SurfaceFlinger(  440): Set power mode=0, type=0 flinger=0xb6482000
D/qdhwcomposer(  440): hwc_setPowerMode: Setting mode 0 on display: 0
I/qdhwcomposer(  440): handle_blank_event: dpy:0 panel power state: 0
D/qdhwcomposer(  440): hwc_setPowerMode: Done setting mode 0 on display 0
D/SurfaceControl(14391): Excessive delay in setPowerMode(): 224ms
D/ScreenOnOffReceiver(32745): Received intent: Intent { act=android.intent.actio
n.SCREEN_OFF flg=0x50000010 }.
E/PowerHAL_Victara_Ext(14391): Error opening /sys/devices/system/cpu/cpufreq/int
eractive/go_hispeed_load: No such file or directory
E/QCOM PowerHAL(14391): Invalid hint ID.
I/QCOM PowerHAL(14391): Got set_interactive hint
I/PowerManagerService(14391): Sleeping (uid 1000)...
D/CMActions-FlatUpSensor(15714): Disabling
D/CMActions-IRGestureSensor(15714): Disabling
D/CMActions-StowSensor(15714): Disabling
D/audio_hw_primary(14114): adev_set_parameters: enter: screen_state=off
D/audio_hw_extn(14114): audio_extn_set_anc_parameters: anc_enabled:0
E/WifiStateMachine(14391): cancelDelayedScan -> 158
I/ActivityManager(14391): Start proc 999:com.touchtype.swiftkey/u0a98 for servic
e com.touchtype.swiftkey/com.touchtype.KeyboardService
V/InputMethodManagerService(14391): Adding window token: android.os.Binder@88983
f0
I/LoadedApk(  999): No resource references to update in package com.huunam0241.m
ios2015
I/Crashlytics(  999): Initializing Crashlytics 1.1.10.12
E/TouchTypeSoftKeyboard(  999): INSTALLATION ID: b1ae2fde-9dad-4f00-98c9-2daf6c0
5fa2d
W/IInputConnectionWrapper(32620): showStatusIcon on inactive InputConnection
W/IInputConnectionWrapper(32620): getExtractedText on inactive InputConnection
W/IInputConnectionWrapper(32620): getTextBeforeCursor on inactive InputConnectio
n
W/IInputConnectionWrapper(32620): getSelectedText on inactive InputConnection
W/IInputConnectionWrapper(32620): getTextAfterCursor on inactive InputConnection

E/bp      (  999): onStartInput event aborted: com.touchtype.keyboard.c.ag: coul
d not obtain extracted text (class com.touchtype.keyboard.c.ag)
W/IInputConnectionWrapper(32620): getExtractedText on inactive InputConnection
W/IInputConnectionWrapper(32620): getTextBeforeCursor on inactive InputConnectio
n
W/IInputConnectionWrapper(32620): getSelectedText on inactive InputConnection
W/IInputConnectionWrapper(32620): getTextAfterCursor on inactive InputConnection

E/bp      (  999): selectionUpdated event aborted: com.touchtype.keyboard.c.ag:
Could not create selection changed event (class com.touchtype.keyboard.c.ag)
W/ResourceType(15302): No package identifier when getting value for resource num
ber 0x00000000
W/PackageManager(15302): Failure retrieving resources for com.YourCompany.B2B_Te
st: Resource ID #0x0
I/ThermalEngine(  509): Sensor:batt_therm:32400 mC
I/art     (15682): Explicit concurrent mark sweep GC freed 95(4KB) AllocSpace ob
jects, 0(0B) LOS objects, 39% free, 16MB/26MB, paused 1.460ms total 58.144ms
I/ActivityManager(14391): Start proc 1108:org.cyanogenmod.theme.chooser/u0a14 fo
r service org.cyanogenmod.theme.chooser/.NotificationHijackingService
I/LoadedApk( 1108): No resource references to update in package com.huunam0241.m
ios2015
I/LoadedApk( 1108): No resource references to update in package com.huunam0241.m
ios2015
I/ThermalEngine(  509): Sensor:chg_therm:32000 mC
I/art     (15700): Explicit concurrent mark sweep GC freed 424(16KB) AllocSpace
objects, 0(0B) LOS objects, 40% free, 16MB/27MB, paused 1.440ms total 43.722ms
shell@victara:/ $


Another log…



--------- beginning of main

I/Timeline(26323): Timeline: Activity_launch_request id:com.YourCompany.B2B_Test time:203558867

--------- beginning of system

I/ActivityManager(14391): START u0 {act=android.intent.action.MAIN cat=[android.intent.category.LAUNCHER] flg=0x10200000 cmp=com.YourCompany.B2B_Test/com.epicgames.ue4.GameActivity} from uid 10077 on display 0

E/QCOM PowerHAL(14391): Failed to acquire lock.

E/QCOM PowerHAL(14391): Failed to acquire lock.

V/WindowManager(14391): addAppToken: AppWindowToken{25c16c07 token=Token{300b246 ActivityRecord{37fa3e21 u0 com.YourCompany.B2B_Test/com.epicgames.ue4.GameActivity t549}}} to stack=1 task=549 at 0

V/WindowManager(14391): Adding window Window{bedc41e u0 Starting com.YourCompany.B2B_Test} at 3 of 8 (after Window{1a4b6bfb u0 com.anddoes.launcher/com.anddoes.launcher.Launcher})

E/QCOM PowerHAL(14391): Failed to acquire lock.

I/ActivityManager(14391): Start proc 27538:com.YourCompany.B2B_Test/u0a200 for activity com.YourCompany.B2B_Test/com.epicgames.ue4.GameActivity

I/art     (27538): Late-enabling -Xcheck:jni

V/ActivityManager(14391): Display changed displayId=0

V/PhoneStatusBar(15302): setLightsOn(true)

I/LoadedApk(27538): No resource references to update in package com.huunam0241.mios2015

D/UE4     (27538): In the JNI_OnLoad function

D/UE4     (27538): Path found as '/storage/emulated/0'

D/UE4     (27538): Font Path found as '/system/fonts/'

D/UE4     (27538): In the JNI_OnLoad function 5

D/UE4     (27538): Entering native app glue main function

D/UE4     (27538): Created event thread

D/UE4     (27538): Entered AndroidMain()

D/UE4     (27538): Entering event processing thread engine entry point

D/UE4     (27538): Prepared looper for event thread

D/UE4     (27538): Passed callback initialization

D/UE4     (27538): Found DepthBufferPreference = 0

D/UE4     (27538): Found bPackageDataInsideApk = 0

D/UE4     (27538): Found ProjectName = B2B_Test

D/UE4     (27538): Found bHasOBBFiles = 1

D/UE4     (27538): Found bVerifyOBBOnStartUp = false

D/UE4     (27538): UI hiding set to false

D/UE4     (27538): No GearVR mode detected.

D/UE4     (27538): Asking if osOBBInAPK? false

D/UE4     (27538): Controller interface supported

D/UE4     (27538): Passed sensor initialization

D/UE4     (27538): ExternalFilePath found as '/storage/emulated/0/Android/data/com.YourCompany.B2B_Test/files'

D/UE4     (27538): App is running in Portrait

D/UE4     (27538): Android version is 5.1.1

D/UE4     (27538): Android manufacturer is motorola

D/UE4     (27538): Android model is victara

D/UE4     (27538): OS language is set to en_US

D/UE4     (27538): ==============> GameActive.onCreate complete!

D/UE4     (27538): ==================================> Inside onStart function in GameActivity

D/UE4     (27538): OnAppCommandCB cmd: 10

D/UE4     (27538): LogAndroidEvents: EnqueueAppEvent : 9, 0

D/UE4     (27538): OnAppCommandCB cmd: 11

D/UE4     (27538): LogAndroidEvents: EnqueueAppEvent : 7, 0

D/UE4     (27538): App is running in Portrait

D/UE4     (27538): ==============> Starting activity to check files and download if required

I/Timeline(27538): Timeline: Activity_launch_request id:com.YourCompany.B2B_Test time:203559401

I/ActivityManager(14391): START u0 {cmp=com.YourCompany.B2B_Test/.DownloaderActivity} from uid 10200 on display 0

E/QCOM PowerHAL(14391): Failed to acquire lock.

V/WindowManager(14391): addAppToken: AppWindowToken{2dd10fb8 token=Token{2558c21b ActivityRecord{122e042a u0 com.YourCompany.B2B_Test/.DownloaderActivity t549}}} to stack=1 task=549 at 1

V/WindowManager(14391): Based on layer: Adding window Window{bedc41e u0 Starting com.YourCompany.B2B_Test} at 3 of 8

V/PhoneStatusBar(15302): setLightsOn(true)

D/UE4     (27538): ==============> GameActive.onResume complete!

D/UE4     (27538): OnAppCommandCB cmd: 12

D/UE4     (27538): LogAndroidEvents: EnqueueAppEvent : 12, 0

D/UE4     (27538): OnAppCommandCB cmd: 13

D/UE4     (27538): LogAndroidEvents: EnqueueAppEvent : 6, 0

D/UE4     (27538): Starting DownloaderActivity...

D/UE4     (27538): ... UI setup. Checking for files.

D/UE4     (27538): Checking for file : main.1.com.YourCompany.B2B_Test.obb

D/UE4     (27538): which is really being resolved to : /storage/emulated/0/Android/obb/com.YourCompany.B2B_Test/main.1.com.YourCompany.B2B_Test.obb

D/UE4     (27538):  Or : /storage/emulated/0/obb/com.YourCompany.B2B_Test/main.1.com.YourCompany.B2B_Test.obb

D/UE4     (27538): ... Can has! Check 'em Dano!

D/UE4     (27538): Checking for file : main.1.com.YourCompany.B2B_Test.obb

D/UE4     (27538): DownloadActivity Returned with Download Files Present

D/UE4     (27538): OnAppCommandCB cmd: 11

D/UE4     (27538): LogAndroidEvents: EnqueueAppEvent : 7, 0

D/UE4     (27538): App is running in Portrait

D/UE4     (27538): ==============> Resuming main init

D/UE4     (27538): Final commandline: 

D/UE4     (27538): Created sync event

D/UE4     (27538): Mounted OBB '/storage/emulated/0/Android/obb/com.YourCompany.B2B_Test/main.1.com.YourCompany.B2B_Test.obb'

D/UE4     (27538): ==============> GameActive.onResume complete!

V/WindowManager(14391): Adding window Window{14f35993 u0 com.YourCompany.B2B_Test/com.epicgames.ue4.GameActivity} at 3 of 9 (before Window{bedc41e u0 Starting com.YourCompany.B2B_Test})

D/UE4     (27538): OnAppCommandCB cmd: 0

I/Timeline(27538): Timeline: Activity_idle id: android.os.BinderProxy@25f4599 time:203559639

I/Timeline(27538): Timeline: Activity_idle id: android.os.BinderProxy@25f4599 time:203559641

V/PhoneStatusBar(15302): setLightsOn(true)

D/UE4     (27538): OnAppCommandCB cmd: 1

D/UE4     (27538): LogAndroidEvents: EnqueueAppEvent : 0, 3029899016

D/UE4     (27538): OnAppCommandCB cmd: 6

D/UE4     (27538): LogAndroidEvents: EnqueueAppEvent : 11, 0

I/Adreno-EGL(27538): <qeglDrvAPI_eglInitialize:410>: EGL 1.4 QUALCOMM build: AU_LINUX_ANDROID_LA.BF.1.1.1_RB1.05.00.02.042.016_msm8974_LA.BF.1.1.1_RB1__release_AU ()

I/Adreno-EGL(27538): OpenGL ES Shader Compiler Version: E031.25.03.00

I/Adreno-EGL(27538): Build Date: 02/11/15 Wed

I/Adreno-EGL(27538): Local Branch: mybranch7539026

I/Adreno-EGL(27538): Remote Branch: quic/LA.BF.1.1.1_rb1.10

I/Adreno-EGL(27538): Local Patches: NONE

I/Adreno-EGL(27538): Reconstruct Branch: AU_LINUX_ANDROID_LA.BF.1.1.1_RB1.05.00.02.042.016 + 62ca4eb + acd831d + 9f8b442 + e027a02 + cba30ba + 53c303a + a649d79 + 23e16f8 + 5e97da7 + cbd2a44 + 33d072a + 7aacf06 + 72b33e7 + 28f6f60 + b4c13d8 +  NOTHING

D/UE4     (27538): EGL Extensions: 

D/UE4     (27538): EGL_KHR_get_all_proc_addresses EGL_ANDROID_presentation_time EGL_KHR_image EGL_KHR_image_base EGL_KHR_lock_surface EGL_KHR_gl_texture_2D_image EGL_KHR_gl_texture_cubemap_image EGL_KHR_gl_renderbuffer_image EGL_KHR_fence_sync EGL_KHR_create_context EGL_EXT_create_context_robustness EGL_ANDROID_image_native_buffer EGL_KHR_wait_sync EGL_ANDROID_recordable 

W/Adreno-EGL(27538): <qeglDrvAPI_eglGetConfigAttrib:632>: EGL_BAD_ATTRIBUTE

W/Adreno-EGL(27538): <qeglDrvAPI_eglGetConfigAttrib:632>: EGL_BAD_ATTRIBUTE

W/Adreno-EGL(27538): <qeglDrvAPI_eglGetConfigAttrib:632>: EGL_BAD_ATTRIBUTE

W/Adreno-EGL(27538): <qeglDrvAPI_eglGetConfigAttrib:632>: EGL_BAD_ATTRIBUTE

W/Adreno-EGL(27538): <qeglDrvAPI_eglGetConfigAttrib:632>: EGL_BAD_ATTRIBUTE

W/Adreno-EGL(27538): <qeglDrvAPI_eglGetConfigAttrib:632>: EGL_BAD_ATTRIBUTE

W/Adreno-EGL(27538): <qeglDrvAPI_eglGetConfigAttrib:632>: EGL_BAD_ATTRIBUTE

W/Adreno-EGL(27538): <qeglDrvAPI_eglGetConfigAttrib:632>: EGL_BAD_ATTRIBUTE

W/Adreno-EGL(27538): <qeglDrvAPI_eglGetConfigAttrib:632>: EGL_BAD_ATTRIBUTE

W/Adreno-EGL(27538): <qeglDrvAPI_eglGetConfigAttrib:632>: EGL_BAD_ATTRIBUTE

W/Adreno-EGL(27538): <qeglDrvAPI_eglGetConfigAttrib:632>: EGL_BAD_ATTRIBUTE

W/Adreno-EGL(27538): <qeglDrvAPI_eglGetConfigAttrib:632>: EGL_BAD_ATTRIBUTE

W/Adreno-EGL(27538): <qeglDrvAPI_eglGetConfigAttrib:632>: EGL_BAD_ATTRIBUTE

W/Adreno-EGL(27538): <qeglDrvAPI_eglGetConfigAttrib:632>: EGL_BAD_ATTRIBUTE

W/Adreno-EGL(27538): <qeglDrvAPI_eglGetConfigAttrib:632>: EGL_BAD_ATTRIBUTE

W/Adreno-EGL(27538): <qeglDrvAPI_eglGetConfigAttrib:632>: EGL_BAD_ATTRIBUTE

W/Adreno-EGL(27538): <qeglDrvAPI_eglGetConfigAttrib:632>: EGL_BAD_ATTRIBUTE

W/Adreno-EGL(27538): <qeglDrvAPI_eglGetConfigAttrib:632>: EGL_BAD_ATTRIBUTE

I/Timeline(14391): Timeline: Activity_windows_visible id: ActivityRecord{37fa3e21 u0 com.YourCompany.B2B_Test/com.epicgames.ue4.GameActivity t549} time:203559958

D/UE4     (27538): ***** RequestedContentScaleFactor different -1566737420 != 0, not using res cache

D/UE4     (27538): ***** Window different, not using res cache

D/UE4     (27538): ***** WindowWidth is -1, not using res cache

E/libEGL  (27538): called unimplemented OpenGL ES API

E/MediaPlayer-JNI(27538): QCMediaPlayer mediaplayer NOT present

D/UE4     (27538): [2015.09.10-23.19.32:055]  0]LogEngine:Display: Android Version Make Model Language: 5.1.1 motorola victara en_US

D/UE4     (27538): [2015.09.10-23.19.32:055]  0]LogAndroid: Case APP_CMD_START

D/UE4     (27538): [2015.09.10-23.19.32:055]  0]LogAndroid: Case APP_CMD_RESUME

D/UE4     (27538): [2015.09.10-23.19.32:055]  0]LogAndroid: Case APP_CMD_SAVE_STATE

D/UE4     (27538): [2015.09.10-23.19.32:055]  0]LogAndroid: Case APP_CMD_PAUSE

D/UE4     (27538): [2015.09.10-23.19.32:055]  0]LogAndroid: Case APP_CMD_RESUME

D/UE4     (27538): [2015.09.10-23.19.32:055]  0]LogInit:Display: Running engine for game: B2B_Test

D/UE4     (27538): [2015.09.10-23.19.32:055]  0]LogInit:Display: Project file not found: ../../../B2B_Test/B2B_Test.uproject

D/UE4     (27538): [2015.09.10-23.19.32:055]  0]LogInit:Display: 	Attempting to find via project info helper.

D/UE4     (27538): [2015.09.10-23.19.32:055]  0]LogUProjectInfo: Found projects:

D/UE4     (27538): [2015.09.10-23.19.32:055]  0]LogAndroid: Case APP_CMD_INPUT_CHANGED

D/UE4     (27538): [2015.09.10-23.19.32:055]  0]LogAndroid: Case APP_CMD_INIT_WINDOW

D/UE4     (27538): [2015.09.10-23.19.32:056]  0]LogAndroid: Case APP_CMD_GAINED_FOCUS

D/UE4     (27538): [2015.09.10-23.19.32:056]  0]LogInit:Display: RandInit(-725373267) SRandInit(-725373256).

D/UE4     (27538): [2015.09.10-23.19.32:056]  0]LogTaskGraph: Started task graph with 4 named threads and 7 total threads.

D/UE4     (27538): [2015.09.10-23.19.32:056]  0]LogStats: Stats thread started at 0.459073

D/UE4     (27538): [2015.09.10-23.19.32:056]  0]LogInit: Version: 4.9.0-2672455+++depot+UE4-Releases+4.9

D/UE4     (27538): [2015.09.10-23.19.32:056]  0]LogInit: API Version: 2672455

D/UE4     (27538): [2015.09.10-23.19.32:056]  0]LogInit: Compiled (32-bit): Aug 28 2015 12:54:37

D/UE4     (27538): [2015.09.10-23.19.32:056]  0]LogInit: Compiled with Clang: 3.3 

D/UE4     (27538): [2015.09.10-23.19.32:056]  0]LogInit: Build Configuration: Development

D/UE4     (27538): [2015.09.10-23.19.32:056]  0]LogInit: Branch Name: ++depot+UE4-Releases+4.9

D/UE4     (27538): [2015.09.10-23.19.32:056]  0]LogInit: Command line:  

D/UE4     (27538): [2015.09.10-23.19.32:057]  0]LogInit: Base directory: 

D/UE4     (27538): [2015.09.10-23.19.32:057]  0]LogInit: Rocket: 0

D/UE4     (27538): [2015.09.10-23.19.32:057]  0]LogInit: Using libcurl 7.34.0

D/UE4     (27538): [2015.09.10-23.19.32:057]  0]LogInit:  - built for arm-unknown-linux-androideabi

D/UE4     (27538): [2015.09.10-23.19.32:057]  0]LogInit:  - supports SSL with OpenSSL/1.0.1f

D/UE4     (27538): [2015.09.10-23.19.32:057]  0]LogInit:  - supports HTTP deflate (compression) using libz 1.2.8

D/UE4     (27538): [2015.09.10-23.19.32:057]  0]LogInit:  - other features:

D/UE4     (27538): [2015.09.10-23.19.32:057]  0]LogInit:      CURL_VERSION_SSL

D/UE4     (27538): [2015.09.10-23.19.32:057]  0]LogInit:      CURL_VERSION_LIBZ

D/UE4     (27538): [2015.09.10-23.19.32:057]  0]LogInit:      CURL_VERSION_TLSAUTH_SRP

D/UE4     (27538): [2015.09.10-23.19.32:058]  0]LogInit:  CurlRequestOptions (configurable via config and command line):

D/UE4     (27538): [2015.09.10-23.19.32:058]  0]LogInit:  - bVerifyPeer = true  - Libcurl will verify peer certificate

D/UE4     (27538): [2015.09.10-23.19.32:059]  0]LogInit:  - bUseHttpProxy = false  - Libcurl will NOT use HTTP proxy

D/UE4     (27538): [2015.09.10-23.19.32:059]  0]LogInit:  - bDontReuseConnections = false  - Libcurl will reuse connections

D/UE4     (27538): [2015.09.10-23.19.32:059]  0]LogInit:  - CertBundlePath = nullptr  - Libcurl will use whatever was configured at build time.

D/UE4     (27538): [2015.09.10-23.19.32:059]  0]LogOnline:Display: OnlineSubsystemGooglePlayModule::StartupModule()

D/UE4     (27538): [2015.09.10-23.19.32:059]  0]LogOnline:Warning: FOnlineSubsystemGooglePlayModule was disabled

D/UE4     (27538): [2015.09.10-23.19.32:059]  0]LogVoice:Warning: Failed to initialize voice interface

D/UE4     (27538): [2015.09.10-23.19.32:059]  0]LogInit: Presizing for 0 objects not considered by GC, pre-allocating 0 bytes.

D/UE4     (27538): [2015.09.10-23.19.32:060]  0]LogInit: Object subsystem initialized

D/UE4     (27538): [2015.09.10-23.19.32:060]  0]LogAndroid: Requires 32BPP Encoding: no

D/UE4     (27538): [2015.09.10-23.19.32:060]  0]LogAndroid: Requires Mosaic: no

D/UE4     (27538): [2015.09.10-23.19.32:061]  0]LogAndroid: Setting Width=778 and Height=1280 (requested scale = 1.000000)

D/UE4     (27538): [2015.09.10-23.19.32:061]  0]LogAndroid: Default profile:Android_Default GPUFamily:Adreno (TM) 330

D/UE4     (27538): [2015.09.10-23.19.32:061]  0]LogAndroid: Selected Device Profile: [Android_Adreno330_Ver53]

D/UE4     (27538): [2015.09.10-23.19.32:061]  0]LogInit: Applying CVar settings loaded from the selected device profile: [Android_Adreno330_Ver53]

D/UE4     (27538): [2015.09.10-23.19.32:061]  0]LogInit: Setting Device Profile CVar: [r.DisjointTimerQueries:1]]

D/UE4     (27538): [2015.09.10-23.19.32:062]  0]LogInit: Setting Device Profile CVar: [r.BloomQuality:1]]

D/UE4     (27538): [2015.09.10-23.19.32:062]  0]LogInit: Setting Device Profile CVar: [r.DepthOfFieldQuality:1]]

D/UE4     (27538): [2015.09.10-23.19.32:062]  0]LogInit: Setting Device Profile CVar: [r.LightShaftQuality:1]]

D/UE4     (27538): [2015.09.10-23.19.32:062]  0]LogInit: Setting Device Profile CVar: [r.MobileContentScaleFactor:1.0]]

D/UE4     (27538): [2015.09.10-23.19.32:062]  0]LogInit: Setting Device Profile CVar: [r.RefractionQuality:0]]

D/UE4     (27538): [2015.09.10-23.19.32:062]  0]LogInit: Setting Device Profile CVar: [r.ShadowQuality:2]]

D/UE4     (27538): [2015.09.10-23.19.32:062]  0]LogInit: Memory total: Physical=1866.33MB (2GB approx) Available=1866.33MB PageSize=4.0KB

D/UE4     (27538): [2015.09.10-23.19.32:063]  0]LogTextLocalizationManager: No specific translations for ('en-US') exist, so ('en') translations will be used.

D/UE4     (27538): [2015.09.10-23.19.32:063]  0]LogRHI: Initializing OpenGL RHI

D/UE4     (27538): [2015.09.10-23.19.32:063]  0]LogRHI:   GL_VENDOR: Qualcomm

D/UE4     (27538): [2015.09.10-23.19.32:063]  0]LogRHI:   GL_RENDERER: Adreno (TM) 330

D/UE4     (27538): [2015.09.10-23.19.32:063]  0]LogRHI:   GL_VERSION: OpenGL ES 3.0 V@84.0 AU@05.00.02.042.016 (CL@)

D/UE4     (27538): [2015.09.10-23.19.32:063]  0]LogRHI:   GL_SHADING_LANGUAGE_VERSION: OpenGL ES GLSL ES 3.00

D/UE4     (27538): [2015.09.10-23.19.32:064]  0]LogRHI: OpenGL Extensions:

D/UE4     (27538): [2015.09.10-23.19.32:064]  0]LogRHI:   GL_AMD_compressed_ATC_texture

D/UE4     (27538): [2015.09.10-23.19.32:064]  0]LogRHI:   GL_AMD_performance_monitor

D/UE4     (27538): [2015.09.10-23.19.32:064]  0]LogRHI:   GL_AMD_program_binary_Z400

D/UE4     (27538): [2015.09.10-23.19.32:064]  0]LogRHI:   GL_EXT_debug_label

D/UE4     (27538): [2015.09.10-23.19.32:064]  0]LogRHI:   GL_EXT_debug_marker

D/UE4     (27538): [2015.09.10-23.19.32:064]  0]LogRHI:   GL_EXT_discard_framebuffer

D/UE4     (27538): [2015.09.10-23.19.32:065]  0]LogRHI:   GL_EXT_robustness

D/UE4     (27538): [2015.09.10-23.19.32:065]  0]LogRHI:   GL_EXT_texture_format_BGRA8888

D/UE4     (27538): [2015.09.10-23.19.32:065]  0]LogRHI:   GL_EXT_texture_type_2_10_10_10_REV

D/UE4     (27538): [2015.09.10-23.19.32:065]  0]LogRHI:   GL_NV_fence

D/UE4     (27538): [2015.09.10-23.19.32:065]  0]LogRHI:   GL_OES_compressed_ETC1_RGB8_texture

D/UE4     (27538): [2015.09.10-23.19.32:065]  0]LogRHI:   GL_OES_depth_texture

D/UE4     (27538): [2015.09.10-23.19.32:066]  0]LogRHI:   GL_OES_depth24

D/UE4     (27538): [2015.09.10-23.19.32:066]  0]LogRHI:   GL_OES_EGL_image

D/UE4     (27538): [2015.09.10-23.19.32:066]  0]LogRHI:   GL_OES_EGL_sync

D/UE4     (27538): [2015.09.10-23.19.32:066]  0]LogRHI:   GL_OES_EGL_image_external

D/UE4     (27538): [2015.09.10-23.19.32:066]  0]LogRHI:   GL_OES_element_index_uint

D/UE4     (27538): [2015.09.10-23.19.32:068]  0]LogRHI:   GL_OES_fbo_render_mipmap

D/UE4     (27538): [2015.09.10-23.19.32:068]  0]LogRHI:   GL_OES_fragment_precision_high

D/UE4     (27538): [2015.09.10-23.19.32:068]  0]LogRHI:   GL_OES_get_program_binary

D/UE4     (27538): [2015.09.10-23.19.32:069]  0]LogRHI:   GL_OES_packed_depth_stencil

D/UE4     (27538): [2015.09.10-23.19.32:069]  0]LogRHI:   GL_OES_depth_texture_cube_map

D/UE4     (27538): [2015.09.10-23.19.32:069]  0]LogRHI:   GL_OES_rgb8_rgba8

D/UE4     (27538): [2015.09.10-23.19.32:069]  0]LogRHI:   GL_OES_standard_derivatives

D/UE4     (27538): [2015.09.10-23.19.32:069]  0]LogRHI:   GL_OES_texture_3D

D/UE4     (27538): [2015.09.10-23.19.32:069]  0]LogRHI:   GL_OES_texture_float

D/UE4     (27538): [2015.09.10-23.19.32:070]  0]LogRHI:   GL_OES_texture_half_float

D/UE4     (27538): [2015.09.10-23.19.32:070]  0]LogRHI:   GL_OES_texture_half_float_linear

D/UE4     (27538): [2015.09.10-23.19.32:070]  0]LogRHI:   GL_OES_texture_npot

D/UE4     (27538): [2015.09.10-23.19.32:070]  0]LogRHI:   GL_OES_vertex_half_float

D/UE4     (27538): [2015.09.10-23.19.32:071]  0]LogRHI:   GL_OES_vertex_type_10_10_10_2

D/UE4     (27538): [2015.09.10-23.19.32:071]  0]LogRHI:   GL_OES_vertex_array_object

D/UE4     (27538): [2015.09.10-23.19.32:071]  0]LogRHI:   GL_QCOM_alpha_test

D/UE4     (27538): [2015.09.10-23.19.32:071]  0]LogRHI:   GL_QCOM_binning_control

D/UE4     (27538): [2015.09.10-23.19.32:071]  0]LogRHI:   GL_QCOM_driver_control

D/UE4     (27538): [2015.09.10-23.19.32:072]  0]LogRHI:   GL_QCOM_perfmon_global_mode

D/UE4     (27538): [2015.09.10-23.19.32:072]  0]LogRHI:   GL_QCOM_extended_get

D/UE4     (27538): [2015.09.10-23.19.32:072]  0]LogRHI:   GL_QCOM_extended_get2

D/UE4     (27538): [2015.09.10-23.19.32:072]  0]LogRHI:   GL_QCOM_tiled_rendering

D/UE4     (27538): [2015.09.10-23.19.32:073]  0]LogRHI:   GL_QCOM_writeonly_rendering

D/UE4     (27538): [2015.09.10-23.19.32:073]  0]LogRHI:   GL_EXT_sRGB

D/UE4     (27538): [2015.09.10-23.19.32:073]  0]LogRHI:   GL_EXT_sRGB_write_control

D/UE4     (27538): [2015.09.10-23.19.32:073]  0]LogRHI:   GL_EXT_texture_sRGB_decode

D/UE4     (27538): [2015.09.10-23.19.32:074]  0]LogRHI:   GL_EXT_texture_filter_anisotropic

D/UE4     (27538): [2015.09.10-23.19.32:074]  0]LogRHI:   GL_EXT_multisampled_render_to_texture

D/UE4     (27538): [2015.09.10-23.19.32:074]  0]LogRHI:   GL_EXT_color_buffer_float

D/UE4     (27538): [2015.09.10-23.19.32:074]  0]LogRHI:   GL_EXT_color_buffer_half_float

D/UE4     (27538): [2015.09.10-23.19.32:074]  0]LogRHI:   GL_EXT_disjoint_timer_query

D/UE4     (27538): [2015.09.10-23.19.32:075]  0]LogRHI:   GL_MAX_VERTEX_ATTRIBS: 16

D/UE4     (27538): [2015.09.10-23.19.32:075]  0]LogRHI:   GL_MAX_VARYING_VECTORS: 16

D/UE4     (27538): [2015.09.10-23.19.32:075]  0]LogRHI:   GL_MAX_VERTEX_UNIFORM_VECTORS: 256

D/UE4     (27538): [2015.09.10-23.19.32:076]  0]LogRHI:   GL_MAX_FRAGMENT_UNIFORM_VECTORS: 224

D/UE4     (27538): [2015.09.10-23.19.32:076]  0]LogRHI: Fragment shader lowp precision: 10

D/UE4     (27538): [2015.09.10-23.19.32:076]  0]LogRHI: Fragment shader mediump precision: 10

D/UE4     (27538): [2015.09.10-23.19.32:076]  0]LogRHI: Fragment shader highp precision: 23

D/UE4     (27538): [2015.09.10-23.19.32:076]  0]LogRHI:   GL_MAX_TEXTURE_SIZE: 4096

D/UE4     (27538): [2015.09.10-23.19.32:076]  0]LogRHI:   GL_MAX_CUBE_MAP_TEXTURE_SIZE: 4096

D/UE4     (27538): [2015.09.10-23.19.32:077]  0]LogRHI:   GL_MAX_ARRAY_TEXTURE_LAYERS: 256

D/UE4     (27538): [2015.09.10-23.19.32:077]  0]LogRHI:   GL_MAX_RENDERBUFFER_SIZE: 4096

D/UE4     (27538): [2015.09.10-23.19.32:077]  0]LogRHI:   GL_MAX_TEXTURE_IMAGE_UNITS: 16

D/UE4     (27538): [2015.09.10-23.19.32:077]  0]LogRHI:   GL_MAX_COLOR_ATTACHMENTS: 1

D/UE4     (27538): [2015.09.10-23.19.32:077]  0]LogRHI:   GL_MAX_SAMPLES: 1

D/UE4     (27538): [2015.09.10-23.19.32:077]  0]LogRHI:   GL_MAX_COLOR_TEXTURE_SAMPLES: 1

D/UE4     (27538): [2015.09.10-23.19.32:078]  0]LogRHI:   GL_MAX_DEPTH_TEXTURE_SAMPLES: 1

D/UE4     (27538): [2015.09.10-23.19.32:078]  0]LogRHI:   GL_MAX_INTEGER_SAMPLES: 1

D/UE4     (27538): [2015.09.10-23.19.32:078]  0]LogRHI:   GL_MAX_COMBINED_TEXTURE_IMAGE_UNITS: 32

D/UE4     (27538): [2015.09.10-23.19.32:078]  0]LogRHI:   GL_MAX_VERTEX_ATTRIBS: 16

D/UE4     (27538): [2015.09.10-23.19.32:078]  0]LogRHI:   GL_MAX_TEXTURE_MAX_ANISOTROPY_EXT: 16

D/UE4     (27538): [2015.09.10-23.19.32:078]  0]LogRHI: OpenGL MajorVersion = 2, MinorVersion = 0, ShaderPlatform = GLSL_ES2, FeatureLevel = ES2

D/UE4     (27538): [2015.09.10-23.19.32:079]  0]LogRHI: PLATFORM_ANDROID

D/UE4     (27538): [2015.09.10-23.19.32:079]  0]LogRHI:Display: Testing for shader compiler compatibility

D/UE4     (27538): [2015.09.10-23.19.32:079]  0]LogRHI:Display: Shaders compile fine no need to enable hacks

D/UE4     (27538): [2015.09.10-23.19.32:079]  0]LogAndroid: Default profile:Android_Default GPUFamily:Adreno (TM) 330

D/UE4     (27538): [2015.09.10-23.19.32:079]  0]LogAndroid: Selected Device Profile: [Android_Adreno330_Ver53]

D/UE4     (27538): [2015.09.10-23.19.32:118]  0]LogObj: 23165 objects as part of root set at end of initial load.

D/UE4     (27538): [2015.09.10-23.19.32:118]  0]LogUObjectAllocator: 3251792 out of 0 bytes used by permanent object pool.

D/UE4     (27538): [2015.09.10-23.19.32:119]  0]LogAndroid:Display: Passed PreInit()

D/UE4     (27538): [2015.09.10-23.19.32:120]  0]LogEngine: Initializing Engine...

D/UE4     (27538): [2015.09.10-23.19.32:190]  0]LogAndroidAudio:Warning: SL Entered Init HW

D/UE4     (27538): [2015.09.10-23.19.32:190]  0]LogAndroidAudio:Warning: OpenSLES Initializing HW

D/UE4     (27538): [2015.09.10-23.19.32:191]  0]LogAndroidAudio:Warning: OpenSLES Initialized

D/UE4     (27538): [2015.09.10-23.19.32:191]  0]LogAndroidAudio:Warning: OpenSLAudioDevice: Allocated 12 sources

D/UE4     (27538): [2015.09.10-23.19.32:191]  0]LogInit: FAudioDevice initialized.

D/UE4     (27538): [2015.09.10-23.19.32:191]  0]LogInit: Texture streaming: Disabled

D/UE4     (27538): [2015.09.10-23.19.32:192]  0]LogAnalytics: Creating configured Analytics provider AnalyticsET

D/UE4     (27538): [2015.09.10-23.19.32:192]  0]LogAnalytics: [UEGame.UnrealEngine.Release|C713B6CE4FFE7EED90419594936EF3AE|UE4Game] APIServer = http://etsource.epicgames.com/ET2/. AppVersion = 4.9.0-2672455+++depot+UE4-Releases+4.9

D/UE4     (27538): [2015.09.10-23.19.32:193]  0]LogAnalytics: [UEGame.UnrealEngine.Release|C713B6CE4FFE7EED90419594936EF3AE|UE4Game] SetUserId 0003dd2d2e09110a00080239ae688bb9||

D/UE4     (27538): [2015.09.10-23.19.32:193]  0]LogAnalytics: [UEGame.UnrealEngine.Release|C713B6CE4FFE7EED90419594936EF3AE|UE4Game] AnalyticsET::StartSession

D/UE4     (27538): [2015.09.10-23.19.32:208]  0]LogNet: Browse: /Game/Game/Level_Start?Name=Player

D/UE4     (27538): [2015.09.10-23.19.32:209]  0]LogLoad: LoadMap: /Game/Game/Level_Start?Name=Player

D/UE4     (27538): [2015.09.10-23.19.32:245]  0]LogParticles: Destroying 0 GPU particle simulations for FXSystem 0x0x966f4ea0

D/UE4     (27538): [2015.09.10-23.19.32:271]  0]LogMemory: Platform Memory Stats for Android

D/UE4     (27538): [2015.09.10-23.19.32:271]  0]LogMemory: Process Physical Memory: 0.00 MB used, 0.00 MB peak

D/UE4     (27538): [2015.09.10-23.19.32:271]  0]LogMemory: Process Virtual Memory: 0.00 MB used, 0.00 MB peak

D/UE4     (27538): [2015.09.10-23.19.32:271]  0]LogMemory: Physical Memory: 0.00 MB used, 1866.33 MB total

D/UE4     (27538): [2015.09.10-23.19.32:272]  0]LogMemory: Virtual Memory: 0.00 MB used, 0.00 MB total

D/UE4     (27538): [2015.09.10-23.19.32:272]  0]LogMemory: 

D/UE4     (27538): [2015.09.10-23.19.32:273]  0]LogMemory: Allocator Stats for binned:

D/UE4     (27538): [2015.09.10-23.19.32:273]  0]LogMemory: Current Memory 33.60 MB used, plus 1.88 MB waste

D/UE4     (27538): [2015.09.10-23.19.32:273]  0]LogMemory: Peak Memory 35.22 MB used, plus 1.83 MB waste

D/UE4     (27538): [2015.09.10-23.19.32:273]  0]LogMemory: Current OS Memory 35.48 MB, peak 37.05 MB

D/UE4     (27538): [2015.09.10-23.19.32:273]  0]LogMemory: Current Waste 0.43 MB, peak 0.77 MB

D/UE4     (27538): [2015.09.10-23.19.32:273]  0]LogMemory: Current Used 33.60 MB, peak 35.22 MB

D/UE4     (27538): [2015.09.10-23.19.32:273]  0]LogMemory: Current Slack 0.22 MB

D/UE4     (27538): [2015.09.10-23.19.32:273]  0]LogMemory: Allocs        112151 Current /   729017 Total

D/UE4     (27538): [2015.09.10-23.19.32:274]  0]LogMemory: 

D/UE4     (27538): [2015.09.10-23.19.32:274]  0]LogMemory: Block Size Num Pools Max Pools Cur Allocs Total Allocs Min Req Max Req Mem Used Mem Slack Mem Waste Efficiency

D/UE4     (27538): [2015.09.10-23.19.32:274]  0]LogMemory: ---------- --------- --------- ---------- ------------ ------- ------- -------- --------- --------- ----------

D/UE4     (27538): [2015.09.10-23.19.32:274]  0]LogMemory:           8          1          1        2255          7546        8        8       17K        47K         0K     100.00%

D/UE4     (27538): [2015.09.10-23.19.32:274]  0]LogMemory:          16          6          6       22137        153088        9       16      345K        39K         9K      97.66%

D/UE4     (27538): [2015.09.10-23.19.32:274]  0]LogMemory:          32          3          3        4445         16466       17       32      138K        54K        26K      86.46%

D/UE4     (27538): [2015.09.10-23.19.32:274]  0]LogMemory:          48         10         10       13471         26976       33       48      631K         9K        32K      95.00%

D/UE4     (27538): [2015.09.10-23.19.32:274]  0]LogMemory:          64         10         10        9818         19213       49       64      613K        27K        41K      93.59%

D/UE4     (27538): [2015.09.10-23.19.32:274]  0]LogMemory:          80          7          7        5299         13747       65       80      413K        35K        26K      94.20%

D/UE4     (27538): [2015.09.10-23.19.32:274]  0]LogMemory:          96         29         29       19691         37365       81       96     1846K         9K        72K      96.12%

D/UE4     (27538): [2015.09.10-23.19.32:274]  0]LogMemory:         112          8         12        4099         32973       97      112      448K        64K        28K      94.53%

D/UE4     (27538): [2015.09.10-23.19.32:274]  0]LogMemory:         128         11         11        5308         25228      116      128      663K        41K        34K      95.17%

D/UE4     (27538): [2015.09.10-23.19.32:275]  0]LogMemory:         160         10         11        3842         39010      129      160      600K        40K        49K      92.34%

D/UE4     (27538): [2015.09.10-23.19.32:275]  0]LogMemory:         192          8          8        2432         29420      161      192      456K        56K        32K      93.75%

D/UE4     (27538): [2015.09.10-23.19.32:275]  0]LogMemory:         224          5          7        1216         19665      193      224      266K        54K        18K      94.38%

D/UE4     (27538): [2015.09.10-23.19.32:275]  0]LogMemory:         256         23         43        5737         44574      225      256     1434K        38K        84K      94.29%

D/UE4     (27538): [2015.09.10-23.19.32:275]  0]LogMemory:         288         18         18        3817         24704      257      288     1073K        77K        54K      95.31%

D/UE4     (27538): [2015.09.10-23.19.32:275]  0]LogMemory:         320          4          4         750         23833      290      320      234K        21K        11K      95.70%

D/UE4     (27538): [2015.09.10-23.19.32:275]  0]LogMemory:         384         10         10        1677         70277      322      384      628K        10K        51K      92.03%

D/UE4     (27538): [2015.09.10-23.19.32:275]  0]LogMemory:         448          7          7         909         67555      386      448      397K        51K        30K      93.30%

D/UE4     (27538): [2015.09.10-23.19.32:276]  0]LogMemory:         512          6          6         625         27938      452      512      312K        72K        21K      94.53%

D/UE4     (27538): [2015.09.10-23.19.32:276]  0]LogMemory:         576         14         14        1483         17866      516      576      834K        56K        49K      94.53%

D/UE4     (27538): [2015.09.10-23.19.32:276]  0]LogMemory:         640          8          8         747          9694      580      640      466K        44K        24K      95.31%

D/UE4     (27538): [2015.09.10-23.19.32:276]  0]LogMemory:         704          4          5         350          3883      644      704      240K        16K        12K      95.31%

D/UE4     (27538): [2015.09.10-23.19.32:276]  0]LogMemory:         768          2          2         168          1140      712      768      126K         2K         5K      96.09%

D/UE4     (27538): [2015.09.10-23.19.32:277]  0]LogMemory:         896          4          4         275          2538      769      896      240K        16K        17K      93.36%

D/UE4     (27538): [2015.09.10-23.19.32:277]  0]LogMemory:        1024          4          5         235          3182      900     1024      235K        21K        14K      94.53%

D/UE4     (27538): [2015.09.10-23.19.32:277]  0]LogMemory:        1168          7          7         339           883     1025     1168      386K        62K        18K      95.98%

D/UE4     (27538): [2015.09.10-23.19.32:277]  0]LogMemory:        1360          3          3         129           298     1169     1360      171K        21K        10K      94.79%

D/UE4     (27538): [2015.09.10-23.19.32:277]  0]LogMemory:        1632          4          4          80          1425     1368     1632      127K       128K         8K      96.88%

D/UE4     (27538): [2015.09.10-23.19.32:277]  0]LogMemory:        2048          7          7         201           474     1636     2048      402K        46K        34K      92.41%

D/UE4     (27538): [2015.09.10-23.19.32:277]  0]LogMemory:        2336          3          3          72           326     2052     2336      164K        28K         8K      95.83%

D/UE4     (27538): [2015.09.10-23.19.32:277]  0]LogMemory:        2720          3          3          56          1063     2337     2712      148K        44K        14K      92.71%

