D/UE4     (27538): [2015.09.10-23.19.32:277]  0]LogMemory:        3264          3          4          54           851     2737     3264      172K        20K         8K      95.83%

D/UE4     (27538): [2015.09.10-23.19.32:277]  0]LogMemory:        4096          6          7          82           932     3274     4096      328K        56K        40K      89.58%

D/UE4     (27538): [2015.09.10-23.19.32:278]  0]LogMemory:        4672          2          3          28          1507     4100     4666      127K         1K        14K      89.06%

D/UE4     (27538): [2015.09.10-23.19.32:278]  0]LogMemory:        5456          4          4          38           461     4677     5404      202K        54K        18K      92.97%

D/UE4     (27538): [2015.09.10-23.19.32:278]  0]LogMemory:        6544          7          7          63           375     5459     6536      402K        46K        30K      93.30%

D/UE4     (27538): [2015.09.10-23.19.32:278]  0]LogMemory:        8192         12         13          95          1463     6560     8192      760K         8K        71K      90.76%

D/UE4     (27538): [2015.09.10-23.19.32:278]  0]LogMemory:        9360         11         11          71           167     8193     9360      648K        56K        44K      93.75%

D/UE4     (27538): [2015.09.10-23.19.32:278]  0]LogMemory:       10912         10         10          58           166     9386    10910      618K        22K        43K      93.28%

D/UE4     (27538): [2015.09.10-23.19.32:278]  0]LogMemory:       13104          8          9          39           115    10930    13100      499K        13K        50K      90.23%

D/UE4     (27538): [2015.09.10-23.19.32:278]  0]LogMemory:       16384          4          7          14           122    13120    16384      224K        32K        12K      95.31%

D/UE4     (27538): [2015.09.10-23.19.32:278]  0]LogMemory:       21840          4          7          12            47    16392    21556      255K         1K        33K      87.11%

D/UE4     (27538): [2015.09.10-23.19.32:278]  0]LogMemory:       32768          4          6           6            62    21904    32640      192K        64K        36K      85.94%

D/UE4     (27538): [2015.09.10-23.19.32:279]  0]LogMemory: 

D/UE4     (27538): [2015.09.10-23.19.32:279]  0]LogMemory: 20096K allocated in pools (with 1601K slack and 1230K waste). Efficiency 93.88%

D/UE4     (27538): [2015.09.10-23.19.32:279]  0]LogMemory: Allocations 112224 Current / 728619 Total (in 314 pools)

D/UE4     (27538): [2015.09.10-23.19.32:279]  0]LogMemory: 

D/UE4     (27538): [2015.09.10-23.19.32:641]  0]LogLinker:Warning: CreateImport: Failed to load Outer for resource 'WidgetTree': WidgetBlueprint /Script/UMGEditor.Default__WidgetBlueprint

D/UE4     (27538): [2015.09.10-23.19.32:644]  0]LogLinker:Warning: CreateImport: Failed to load Outer for resource 'WidgetTree': WidgetBlueprint /Script/UMGEditor.Default__WidgetBlueprint

D/UE4     (27538): [2015.09.10-23.19.32:646]  0]LogLinker:Warning: CreateImport: Failed to load Outer for resource 'WidgetTree': WidgetBlueprint /Script/UMGEditor.Default__WidgetBlueprint

I/ActivityManager(14391): Process com.google.android.talk (pid 26477) has died

I/ActivityManager(14391): Process com.google.android.gm.exchange (pid 26627) has died

V/ActivityManager(14391): killProcessGroupAsync took 41 ms for PID 26477 on thread 19

V/ActivityManager(14391): killProcessGroupAsync took 40 ms for PID 26627 on thread 19

I/ThermalEngine(  509): Sensor:chg_therm:33000 mC

I/ActivityManager(14391): Process com.google.android.googlequicksearchbox:search (pid 26814) has died

I/ActivityManager(14391): Process com.intangibleobject.securesettings.plugin (pid 26963) has died

V/ActivityManager(14391): killProcessGroupAsync took 44 ms for PID 26814 on thread 19

I/ActivityManager(14391): Process com.google.android.partnersetup (pid 26845) has died

V/ActivityManager(14391): killProcessGroupAsync took 30 ms for PID 26963 on thread 19

I/ActivityManager(14391): Process com.google.android.gms:car (pid 27087) has died

V/ActivityManager(14391): killProcessGroupAsync took 20 ms for PID 26845 on thread 19

I/ActivityManager(14391): Process com.android.vending (pid 27026) has died

W/ActivityManager(14391): Scheduling restart of crashed service com.android.vending/com.google.android.finsky.billing.iab.InAppBillingService in 1000ms

V/ActivityManager(14391): killProcessGroupAsync took 30 ms for PID 27087 on thread 19

V/ActivityManager(14391): killProcessGroupAsync took 10 ms for PID 27026 on thread 19

I/ActivityManager(14391): Process com.google.android.gms.wearable (pid 26304) has died

I/ActivityManager(14391): Process com.trixiesoft.clapp (pid 27374) has died

V/ActivityManager(14391): killProcessGroupAsync took 51 ms for PID 26304 on thread 19

I/ActivityManager(14391): Process android.process.acore (pid 26553) has died

V/ActivityManager(14391): killProcessGroupAsync took 17 ms for PID 27374 on thread 19

V/ActivityManager(14391): killProcessGroupAsync took 20 ms for PID 26553 on thread 19

I/ActivityManager(14391): Process com.google.android.gm (pid 26588) has died

V/ActivityManager(14391): killProcessGroupAsync took 25 ms for PID 26588 on thread 19

I/ActivityManager(14391): Process com.facebook.orca (pid 27158) has died

W/ActivityManager(14391): Scheduling restart of crashed service com.facebook.orca/com.facebook.push.mqtt.service.MqttPushService in 10705ms

W/ActivityManager(14391): Scheduling restart of crashed service com.facebook.orca/com.facebook.analytics.service.AnalyticsService in 44662ms

I/ActivityManager(14391): Process android.process.media (pid 26981) has died

W/ActivityManager(14391): Scheduling restart of crashed service com.android.providers.media/.MtpService in 44643ms

V/ActivityManager(14391): killProcessGroupAsync took 51 ms for PID 27158 on thread 19

I/ActivityManager(14391): Process com.google.process.gapps (pid 26264) has died

W/ActivityManager(14391): Scheduling restart of crashed service com.google.android.gms/.gcm.GcmService in 54604ms

V/ActivityManager(14391): killProcessGroupAsync took 10 ms for PID 26981 on thread 19

V/ActivityManager(14391): killProcessGroupAsync took 10 ms for PID 26264 on thread 19

I/ActivityManager(14391): Process com.nll.acr (pid 26742) has died

W/ActivityManager(14391): Scheduling restart of crashed service com.nll.acr/.service.PhoneRecorderActiveNotificationService in 64582ms

V/ActivityManager(14391): killProcessGroupAsync took 19 ms for PID 26742 on thread 19

I/ActivityManager(14391): Process com.anddoes.launcher (pid 26323) has died

I/WindowState(14391): WIN DEATH: Window{1a4b6bfb u0 com.anddoes.launcher/com.anddoes.launcher.Launcher}

I/ActivityManager(14391): Process com.anddoes.notifier (pid 26500) has died

I/ActivityManager(14391): Process net.dinglisch.android.taskerm (pid 26914) has died

D/WifiService(14391): Client connection lost with reason: 4

W/ActivityManager(14391): Scheduling restart of crashed service net.dinglisch.android.taskerm/.MonitorService in 74489ms

V/ActivityManager(14391): killProcessGroupAsync took 58 ms for PID 26323 on thread 19

V/ActivityManager(14391): killProcessGroupAsync took 30 ms for PID 26500 on thread 19

I/ActivityManager(14391): Process com.walmart.android (pid 27407) has died

W/ActivityManager(14391): Scheduling restart of crashed service com.walmart.android/.wmservice.WalmartLocationService in 124447ms

V/ActivityManager(14391): killProcessGroupAsync took 20 ms for PID 26914 on thread 19

V/ActivityManager(14391): killProcessGroupAsync took 30 ms for PID 27407 on thread 19

I/ActivityManager(14391): Process com.touchtype.swiftkey (pid 26535) has died

W/ActivityManager(14391): Scheduling restart of crashed service com.touchtype.swiftkey/com.touchtype.cloud.CloudService in 134335ms

W/ActivityManager(14391): Scheduling restart of crashed service com.touchtype.swiftkey/com.touchtype.KeyboardService in 144335ms

V/ActivityManager(14391): killProcessGroupAsync took 54 ms for PID 26535 on thread 19

W/InputMethodManagerService(14391): Session failed to close due to remote exception

W/InputMethodManagerService(14391): android.os.DeadObjectException

W/InputMethodManagerService(14391): 	at android.os.BinderProxy.transactNative(Native Method)

W/InputMethodManagerService(14391): 	at android.os.BinderProxy.transact(Binder.java:496)

W/InputMethodManagerService(14391): 	at com.android.internal.view.IInputMethodSession$Stub$Proxy.finishSession(IInputMethodSession.java:305)

W/InputMethodManagerService(14391): 	at com.android.server.InputMethodManagerService.finishSessionLocked(InputMethodManagerService.java:1446)

W/InputMethodManagerService(14391): 	at com.android.server.InputMethodManagerService.clearClientSessionLocked(InputMethodManagerService.java:1437)

W/InputMethodManagerService(14391): 	at com.android.server.InputMethodManagerService.clearCurMethodLocked(InputMethodManagerService.java:1463)

W/InputMethodManagerService(14391): 	at com.android.server.InputMethodManagerService.onServiceDisconnected(InputMethodManagerService.java:1482)

W/InputMethodManagerService(14391): 	at android.app.LoadedApk$ServiceDispatcher.doDeath(LoadedApk.java:1214)

W/InputMethodManagerService(14391): 	at android.app.LoadedApk$ServiceDispatcher$RunConnection.run(LoadedApk.java:1228)

W/InputMethodManagerService(14391): 	at android.os.Handler.handleCallback(Handler.java:739)

W/InputMethodManagerService(14391): 	at android.os.Handler.dispatchMessage(Handler.java:95)

W/InputMethodManagerService(14391): 	at android.os.Looper.loop(Looper.java:135)

W/InputMethodManagerService(14391): 	at com.android.server.SystemServer.run(SystemServer.java:298)

W/InputMethodManagerService(14391): 	at com.android.server.SystemServer.main(SystemServer.java:186)

W/InputMethodManagerService(14391): 	at java.lang.reflect.Method.invoke(Native Method)

W/InputMethodManagerService(14391): 	at java.lang.reflect.Method.invoke(Method.java:372)

W/InputMethodManagerService(14391): 	at com.android.internal.os.ZygoteInit$MethodAndArgsCaller.run(ZygoteInit.java:904)

W/InputMethodManagerService(14391): 	at com.android.internal.os.ZygoteInit.main(ZygoteInit.java:699)

W/InputMethodManagerService(14391): Session failed to close due to remote exception

W/InputMethodManagerService(14391): android.os.DeadObjectException

W/InputMethodManagerService(14391): 	at android.os.BinderProxy.transactNative(Native Method)

W/InputMethodManagerService(14391): 	at android.os.BinderProxy.transact(Binder.java:496)

W/InputMethodManagerService(14391): 	at com.android.internal.view.IInputMethodSession$Stub$Proxy.finishSession(IInputMethodSession.java:305)

W/InputMethodManagerService(14391): 	at com.android.server.InputMethodManagerService.finishSessionLocked(InputMethodManagerService.java:1446)

W/InputMethodManagerService(14391): 	at com.android.server.InputMethodManagerService.clearClientSessionLocked(InputMethodManagerService.java:1437)

W/InputMethodManagerService(14391): 	at com.android.server.InputMethodManagerService.clearCurMethodLocked(InputMethodManagerService.java:1463)

W/InputMethodManagerService(14391): 	at com.android.server.InputMethodManagerService.onServiceDisconnected(InputMethodManagerService.java:1482)

W/InputMethodManagerService(14391): 	at android.app.LoadedApk$ServiceDispatcher.doDeath(LoadedApk.java:1214)

W/InputMethodManagerService(14391): 	at android.app.LoadedApk$ServiceDispatcher$RunConnection.run(LoadedApk.java:1228)

W/InputMethodManagerService(14391): 	at android.os.Handler.handleCallback(Handler.java:739)

W/InputMethodManagerService(14391): 	at android.os.Handler.dispatchMessage(Handler.java:95)

W/InputMethodManagerService(14391): 	at android.os.Looper.loop(Looper.java:135)

W/InputMethodManagerService(14391): 	at com.android.server.SystemServer.run(SystemServer.java:298)

W/InputMethodManagerService(14391): 	at com.android.server.SystemServer.main(SystemServer.java:186)

W/InputMethodManagerService(14391): 	at java.lang.reflect.Method.invoke(Native Method)

W/InputMethodManagerService(14391): 	at java.lang.reflect.Method.invoke(Method.java:372)

W/InputMethodManagerService(14391): 	at com.android.internal.os.ZygoteInit$MethodAndArgsCaller.run(ZygoteInit.java:904)

W/InputMethodManagerService(14391): 	at com.android.internal.os.ZygoteInit.main(ZygoteInit.java:699)

D/UE4     (27538): [2015.09.10-23.19.34:334]  0]LogModuleManager:Warning: ModuleManager: Module 'GameplayDebugger' not found - its StaticallyLinkedModuleInitializers function is null.

D/UE4     (27538): [2015.09.10-23.19.34:334]  0]LogAIModule: Creating AISystem for world Level_Start

D/UE4     (27538): [2015.09.10-23.19.34:340]  0]LogWorld: Game class is 'gmDefault_C'

D/UE4     (27538): [2015.09.10-23.19.34:346]  0]LogWorld: Bringing World /Game/Game/Level_Start.Level_Start up for play (max tick rate 0) at 2015.09.10-17.19.34

D/UE4     (27538): [2015.09.10-23.19.34:347]  0]LogWorld: Bringing up level for play took: 0.002391

D/UE4     (27538): [2015.09.10-23.19.34:348]  0]LogGameMode: Warning - PATHS NOT DEFINED or NO PLAYERSTART with positive rating

D/UE4     (27538): [2015.09.10-23.19.34:350]  0]LogOnline:Warning: NULL: Can't start an online game for session (Game) that hasn't been created

D/UE4     (27538): [2015.09.10-23.19.34:354]  0]LogInit:Display: Game Engine Initialized.

D/WifiService(14391): Client connection lost with reason: 4

I/ActivityManager(14391): Process com.google.android.gms.persistent (pid 26238) has died

W/ActivityManager(14391): Scheduling restart of crashed service com.google.android.gms/com.google.android.location.network.NetworkLocationService in 153973ms

W/ActivityManager(14391): Scheduling restart of crashed service com.google.android.gms/com.google.android.location.geofencer.service.GeofenceProviderService in 163973ms

W/ActivityManager(14391): Scheduling restart of crashed service com.google.android.gms/.auth.trustagent.GoogleTrustAgent in 173973ms

W/ActivityManager(14391): Scheduling restart of crashed service com.google.android.gms/com.google.android.location.internal.server.GoogleLocationService in 183973ms

W/ActivityManager(14391): Scheduling restart of crashed service com.google.android.gms/com.google.android.location.internal.GoogleLocationManagerService in 193973ms

W/ActivityManager(14391): Scheduling restart of crashed service com.google.android.gms/com.google.android.location.reporting.service.DispatchingService in 223973ms

W/ActivityManager(14391): Scheduling restart of crashed service com.google.android.gms/.deviceconnection.service.DeviceConnectionServiceBroker in 223973ms

W/ActivityManager(14391): Scheduling restart of crashed service com.google.android.gms/com.google.android.location.geocode.GeocodeService in 233973ms

W/ActivityManager(14391): Scheduling restart of crashed service com.google.android.gms/.backup.BackupTransportService in 243973ms

W/ActivityManager(14391): Scheduling restart of crashed service com.google.android.gms/.common.stats.GmsCoreStatsService in 253973ms

W/ActivityManager(14391): Scheduling restart of crashed service com.google.android.gms/com.google.android.location.internal.PendingIntentCallbackService in 263973ms

W/ActivityManager(14391): Scheduling restart of crashed service com.google.android.gms/com.google.android.location.fused.FusedLocationService in 273973ms

D/GpsStatusListenerHelper(14391): Remote Listener died: android.location.IGpsStatusListener$Stub$Proxy@39963185

V/BackupManagerService(14391): Disconnected from transport ComponentInfo{com.google.android.gms/com.google.android.gms.backup.BackupTransportService}

V/BackupManagerService(14391): Registering transport com.google.android.gms/.backup.BackupTransportService::null = null

I/ActivityManager(14391): Start proc 27666:com.android.vending/u0a23 for service com.android.vending/com.google.android.finsky.billing.iab.InAppBillingService

I/ActivityManager(14391): Process com.google.android.gms (pid 26354) has died

W/InputDispatcher(14391): channel '660895e de.j4velin.wallpaperChanger.LiveWallpaper (server)' ~ Consumer closed input channel or an error occurred.  events=0x9

E/InputDispatcher(14391): channel '660895e de.j4velin.wallpaperChanger.LiveWallpaper (server)' ~ Channel is unrecoverably broken and will be disposed!

E/MediaPlayer(27538): stop called in state 1

E/MediaPlayer(27538): error (-38, 0)

E/MediaPlayer(27538): Error (-38,0)

D/UE4     (27538): [2015.09.10-23.19.34:651]  0]LogAndroid: Passed GEngineLoop.Init()

D/UE4     (27538): [2015.09.10-23.19.34:651]  0]LogAndroidEvents:Display: DequeueAppEvent : 9, 0

D/UE4     (27538): [2015.09.10-23.19.34:651]  0]LogAndroidEvents:Display: DequeueAppEvent : 7, 0

D/UE4     (27538): [2015.09.10-23.19.34:651]  0]LogAndroidEvents:Display: DequeueAppEvent : 12, 0

D/UE4     (27538): [2015.09.10-23.19.34:652]  0]LogAndroidEvents:Display: DequeueAppEvent : 6, 0

D/UE4     (27538): [2015.09.10-23.19.34:652]  0]LogAndroidEvents:Display: DequeueAppEvent : 7, 0

D/UE4     (27538): [2015.09.10-23.19.34:652]  0]LogAndroidEvents:Display: DequeueAppEvent : 0, 3029899016

D/UE4     (27538): [2015.09.10-23.19.34:652]  0]LogAndroidEvents:Display: DequeueAppEvent : 11, 0

D/UE4     (27538): [2015.09.10-23.19.34:652]  0]LogAndroidEvents:Display: ExecWindowCreated

I/WindowState(14391): WIN DEATH: Window{660895e u0 de.j4velin.wallpaperChanger.LiveWallpaper}

I/ActivityManager(14391): Process de.j4velin.wallpaperChanger (pid 27326) has died

W/InputDispatcher(14391): Attempted to unregister already unregistered input channel '660895e de.j4velin.wallpaperChanger.LiveWallpaper (server)'

W/ActivityManager(14391): Scheduling restart of crashed service de.j4velin.wallpaperChanger/.LiveWallpaper in 283892ms

W/WallpaperManagerService(14391): Wallpaper service gone: ComponentInfo{de.j4velin.wallpaperChanger/de.j4velin.wallpaperChanger.LiveWallpaper}

V/ActivityManager(14391): killProcessGroupAsync took 78 ms for PID 26238 on thread 19

I/ActivityManager(14391): Process com.google.android.googlequicksearchbox:interactor (pid 26783) has died

W/ActivityManager(14391): Scheduling restart of crashed service com.google.android.googlequicksearchbox/com.google.android.voiceinteraction.GsaVoiceInteractionService in 293888ms

V/ActivityManager(14391): killProcessGroupAsync took 6 ms for PID 26354 on thread 19

V/ActivityManager(14391): killProcessGroupAsync took 11 ms for PID 27326 on thread 19

V/ActivityManager(14391): killProcessGroupAsync took 39 ms for PID 26783 on thread 19

D/UE4     (27538): [2015.09.10-23.19.34:763]  0]LogRenderer: Reallocating scene render targets to support 780x1280 (Frame:2).

I/LoadedApk(27666): No resource references to update in package com.huunam0241.mios2015

I/ActivityManager(14391): Start proc 27693:com.google.process.gapps/u0a18 for content provider com.google.android.gsf/.gservices.GservicesProvider

E/qdoverlay(  440): Bad ov dump:  mdp_overlay z=0 fg=0 alpha=255 mask=-1 flags=0x0 id=-1

E/qdoverlay(  440): src msmfb_img w=32 h=32 format=15 MDP_RGBX_8888

E/qdoverlay(  440): src_rect mdp_rect x=0 y=0 w=8 h=8

E/qdoverlay(  440): dst_rect mdp_rect x=0 y=0 w=1080 h=1776

E/qdoverlay(  440): Bad ov dump:  mdp_overlay z=0 fg=0 alpha=255 mask=-1 flags=0x0 id=-1

E/qdoverlay(  440): src msmfb_img w=32 h=32 format=15 MDP_RGBX_8888

E/qdoverlay(  440): src_rect mdp_rect x=0 y=0 w=8 h=8

E/qdoverlay(  440): dst_rect mdp_rect x=0 y=0 w=1080 h=1776

I/LoadedApk(27693): No resource references to update in package com.huunam0241.mios2015

I/GservicesProvider(27693): Gservices pushing to system: true; secure/global: true

I/GoogleHttpClient(27693): GMS http client unavailable, use old client

I/GoogleHttpClient(27693): GMS http client unavailable, use old client

W/ResourcesManager(27693): Asset path '/system/framework/com.android.media.remotedisplay.jar' does not exist or contains no resources.

W/ResourcesManager(27693): Asset path '/system/framework/com.android.location.provider.jar' does not exist or contains no resources.

I/MultiDex(27693): VM with version 2.1.0 has multidex support

I/MultiDex(27693): install

I/MultiDex(27693): VM has multidex support, MultiDex support library is disabled.

V/JNIHelp (27693): Registering com/google/android/gms/org/conscrypt/NativeCrypto's 227 native methods...

D/Finsky  (27666): [1] FinskyApp.onCreate: Initializing network with DFE https://android.clients.google.com/fdfe/

I/ProviderInstaller(27693): Installed default security provider GmsCore_OpenSSL

I/LoadedApk(27693): No resource references to update in package com.huunam0241.mios2015

D/GCM     (27693): COMPAT: Multi user ser=0 current=0

E/PlayEventLogger(27666): Invalid device id b12134t9cpl5d4p1

D/Finsky  (27666): [1] DailyHygiene.goMakeHygieneIfDirty: No need to run daily hygiene.

I/ActivityManager(14391): Start proc 27747:com.google.android.gms:car/u0a18 for service com.google.android.gms/.car.CarService

W/ResourcesManager(27747): Asset path '/system/framework/com.android.media.remotedisplay.jar' does not exist or contains no resources.

W/ResourcesManager(27747): Asset path '/system/framework/com.android.location.provider.jar' does not exist or contains no resources.

W/Settings(27666): Setting download_manager_max_bytes_over_mobile has moved from android.provider.Settings.Secure to android.provider.Settings.Global.

W/Settings(27666): Setting download_manager_recommended_max_bytes_over_mobile has moved from android.provider.Settings.Secure to android.provider.Settings.Global.

I/MultiDex(27747): VM with version 2.1.0 has multidex support

I/MultiDex(27747): install

I/MultiDex(27747): VM has multidex support, MultiDex support library is disabled.

I/LoadedApk(27747): No resource references to update in package com.huunam0241.mios2015

V/JNIHelp (27747): Registering com/google/android/gms/org/conscrypt/NativeCrypto's 227 native methods...

I/GCM     (27693): GCM config loaded

I/ActivityManager(14391): Start proc 27773:android.process.media/u0a7 for content provider com.android.providers.downloads/.DownloadProvider

I/ProviderInstaller(27747): Installed default security provider GmsCore_OpenSSL

D/Finsky  (27666): [1] 2.run: Loaded library for account: [orQHRVLH6Zx7NtVE6wAaEQeOtbc]

D/GCM     (27693): GcmService start null null

I/LoadedApk(27773): No resource references to update in package com.huunam0241.mios2015

D/GCM     (27693): GcmService start Intent { act=com.google.android.gms.INITIALIZE flg=0x10 pkg=com.google.android.gms cmp=com.google.android.gms/.gcm.GcmService } com.google.android.gms.INITIALIZE

I/ActivityManager(14391): Start proc 27795:com.google.android.gms/u0a18 for broadcast com.google.android.gms/.subscribedfeeds.ConfigurationReceiver

I/ActivityManager(14391): Process com.android.vending (pid 27666) has died

W/ActivityManager(14391): Scheduling restart of crashed service com.android.vending/com.google.android.finsky.billing.iab.InAppBillingService in 42781ms

W/ResourcesManager(27795): Asset path '/system/framework/com.android.media.remotedisplay.jar' does not exist or contains no resources.

W/ResourcesManager(27795): Asset path '/system/framework/com.android.location.provider.jar' does not exist or contains no resources.

E/SQLiteLog(27773): (283) recovered 66 frames from WAL file /data/data/com.android.providers.media/databases/external.db-wal

V/ActivityManager(14391): killProcessGroupAsync took 68 ms for PID 27666 on thread 19

I/MultiDex(27795): VM with version 2.1.0 has multidex support

I/MultiDex(27795): install

I/MultiDex(27795): VM has multidex support, MultiDex support library is disabled.

I/LoadedApk(27795): No resource references to update in package com.huunam0241.mios2015

D/GCM     (27693): Connected

D/GCM     (27693): Message class com.google.f.a.a.p

I/LoadedApk(27773): No resource references to update in package com.huunam0241.mios2015

D/MtpService(27773): updating state; isCurrentUser=true, mMtpLocked=false

D/MtpService(27773): updating state; isCurrentUser=true, mMtpLocked=false

D/MtpService(27773): starting MTP server in MTP mode

V/JNIHelp (27795): Registering com/google/android/gms/org/conscrypt/NativeCrypto's 227 native methods...

I/ProviderInstaller(27795): Installed default security provider GmsCore_OpenSSL

D/ChimeraCfgMgr(27795): Loading module com.google.android.gms.kids from APK com.google.android.gms

D/ChimeraCfgMgr(27795): Loading module com.google.android.gms.games from APK com.google.android.play.games

D/ChimeraModuleLdr(27795): Loading module APK com.google.android.play.games

I/ActivityManager(14391): Process com.google.android.gms:car (pid 27747) has died

I/ActivityManager(14391): Process android.process.media (pid 27773) has died

W/ActivityManager(14391): Scheduling restart of crashed service com.android.providers.media/.MtpService in 302432ms

D/AuthorizationBluetoothService(27693): Received GmsCore event: Intent { act=com.google.android.gms.INITIALIZE flg=0x10 pkg=com.google.android.gms cmp=com.google.android.gms/.auth.be.proximity.authorization.bt.AuthorizationBluetoothService$AutoStarter }.

V/ActivityManager(14391): killProcessGroupAsync took 89 ms for PID 27747 on thread 19

D/a       (27693): Opening database auth.proximity.permit_store...

V/GmsCoreStatsServiceLauncher(27795): Received broadcast intent Intent { act=com.google.android.gms.INITIALIZE flg=0x10 pkg=com.google.android.gms cmp=com.google.android.gms/.common.stats.GmsCoreStatsServiceLauncher }

V/ActivityManager(14391): killProcessGroupAsync took 30 ms for PID 27773 on thread 19

I/ActivityManager(14391): Start proc 27835:com.google.android.gms.persistent/u0a18 for service com.google.android.gms/.common.stats.GmsCoreStatsService

W/ResourcesManager(27835): Asset path '/system/framework/com.android.media.remotedisplay.jar' does not exist or contains no resources.

W/ResourcesManager(27835): Asset path '/system/framework/com.android.location.provider.jar' does not exist or contains no resources.

I/MultiDex(27835): VM with version 2.1.0 has multidex support

I/MultiDex(27835): install

I/MultiDex(27835): VM has multidex support, MultiDex support library is disabled.

I/LoadedApk(27835): No resource references to update in package com.huunam0241.mios2015

V/JNIHelp (27835): Registering com/google/android/gms/org/conscrypt/NativeCrypto's 227 native methods...

I/ActivityManager(14391): Process com.google.android.gms (pid 27795) has died

I/ProviderInstaller(27835): Installed default security provider GmsCore_OpenSSL

V/ActivityManager(14391): killProcessGroupAsync took 92 ms for PID 27795 on thread 19

I/ActivityManager(14391): Start proc 27873:com.google.android.gms/u0a18 for broadcast com.google.android.gms/.wearable.service.AutoStarterReceiver

I/GCoreNlp(27835): !shouldConfirmNlp, ensuring user opted into NLP

W/ResourcesManager(27873): Asset path '/system/framework/com.android.media.remotedisplay.jar' does not exist or contains no resources.

W/ResourcesManager(27873): Asset path '/system/framework/com.android.location.provider.jar' does not exist or contains no resources.

D/Coffee-GoogleTrustAgent(27835): onCreate

I/MultiDex(27873): VM with version 2.1.0 has multidex support

I/MultiDex(27873): install

I/MultiDex(27873): VM has multidex support, MultiDex support library is disabled.

I/LoadedApk(27873): No resource references to update in package com.huunam0241.mios2015

D/GeofencerStateMachine(27835): Creating GeofencerStateMachine

D/WifiService(14391): New client listening to asynchronous messages

E/WakeLock(27835): callingPackage is not supposed to be empty for wakelock Wakeful StateMachine: GeofencerStateMachine!

I/art     (27835): Rejecting re-init on previously-failed class java.lang.Class<com.google.android.gms.common.util.bk>

I/art     (27835): Rejecting re-init on previously-failed class java.lang.Class<com.google.android.gms.common.util.bk>

V/JNIHelp (27873): Registering com/google/android/gms/org/conscrypt/NativeCrypto's 227 native methods...

I/ProviderInstaller(27873): Installed default security provider GmsCore_OpenSSL

D/ChimeraCfgMgr(27873): Loading module com.google.android.gms.kids from APK com.google.android.gms

D/ChimeraCfgMgr(27873): Loading module com.google.android.gms.games from APK com.google.android.play.games

D/ChimeraModuleLdr(27873): Loading module APK com.google.android.play.games

I/ActivityManager(14391): Start proc 27910:com.google.android.gms.wearable/u0a18 for service com.google.android.gms/.wearable.service.WearableService

I/art     (14111): Explicit concurrent mark sweep GC freed 706(30KB) AllocSpace objects, 0(0B) LOS objects, 40% free, 16MB/26MB, paused 2.106ms total 11.594ms

I/art     (14111): Explicit concurrent mark sweep GC freed 5(160B) AllocSpace objects, 0(0B) LOS objects, 40% free, 16MB/26MB, paused 201us total 8.807ms

I/art     (14111): Explicit concurrent mark sweep GC freed 5(160B) AllocSpace objects, 0(0B) LOS objects, 40% free, 16MB/26MB, paused 204us total 9.496ms

W/ResourcesManager(27910): Asset path '/system/framework/com.android.media.remotedisplay.jar' does not exist or contains no resources.

W/ResourcesManager(27910): Asset path '/system/framework/com.android.location.provider.jar' does not exist or contains no resources.

D/UE4     (27538): [2015.09.10-23.19.36:966]  0]LogBlueprintUserMessages: [bpTilemapCollection_C_0] Hello

V/BackupManagerService(14391): Connected to transport ComponentInfo{com.google.android.gms/com.google.android.gms.backup.BackupTransportService}

V/BackupManagerService(14391): Registering transport com.google.android.gms/.backup.BackupTransportService::com.google.android.gms/.backup.BackupTransportService = com.android.internal.backup.IBackupTransport$Stub$Proxy@19820a52

D/UE4     (27538): [2015.09.10-23.19.36:978]  0]LogBlueprintUserMessages: [bpCat1_C_0] lvl reference set

I/MultiDex(27910): VM with version 2.1.0 has multidex support

I/MultiDex(27910): install

I/MultiDex(27910): VM has multidex support, MultiDex support library is disabled.

I/LoadedApk(27910): No resource references to update in package com.huunam0241.mios2015

W/Settings(27835): Setting airplane_mode_on has moved from android.provider.Settings.System to android.provider.Settings.Global, returning read-only value.

V/JNIHelp (27910): Registering com/google/android/gms/org/conscrypt/NativeCrypto's 227 native methods...

V/GeofencerHelper(27835): Initializing geofence's system cache.

D/GeofenceStateCache(27835): Recovered 0 geofences.

I/GeofencerStateMachine(27835): Network location disabled.

I/ProviderInstaller(27910): Installed default security provider GmsCore_OpenSSL

D/WearableService(27910): callingUid 10018, callindPid: 27910

I/TrustAgentApi - GoogleTrustAgentServiceImpl(27835): GoogleTrustAgent registerCallbacks.

D/BluetoothManagerService(14391): Message: 20

D/BluetoothManagerService(14391): Added callback: android.bluetooth.IBluetoothManagerCallback$Stub$Proxy@127c4068:true

I/Coffee-TrustletManager(27835): Starting trustlet Bluetooth

E/Coffee-BluetoothTrustlet(27835): Illegal Bluetooth address.null

E/Coffee-BluetoothTrustlet(27835): Illegal Bluetooth address.null

E/Coffee-BluetoothTrustlet(27835): Illegal Bluetooth address.null

E/Coffee-BluetoothTrustlet(27835): Illegal Bluetooth address.null

E/Coffee-BluetoothTrustlet(27835): Illegal Bluetooth address.null

I/Coffee-TrustletManager(27835): Starting trustlet NFC

D/LocationInitializer(27873): Restart initialization of location

I/Coffee-TrustletManager(27835): Starting trustlet Place

I/Coffee-NearbyAlertTracker(27835): startTracking

I/Coffee-PlaceTrustlet(27835): No account is set for trusted places.

I/Coffee-PlaceTrustlet(27835): removeWorkFromTrustedPlaces

I/Coffee-PlaceTrustlet(27835): No account is set for trusted places.

I/Coffee-TrustletManager(27835): Starting trustlet Face Unlock

I/Coffee-TrustletManager(27835): Starting trustlet Voice Unlock

D/Coffee-TrustletManager(27835): validateTrust, mDeviceIdle: false, mRequireUserAuthentication: false

E/GmsWearableLS(27835): GoogleApiClient connection failed: ConnectionResult{statusCode=API_UNAVAILABLE, resolution=null}

E/MDM     (27835): [4746] b.run: Couldn't connect to Google API client: ConnectionResult{statusCode=API_UNAVAILABLE, resolution=null}

I/GAv4-SVC(27873): Google Analytics 7.8.99 is starting up.

I/GCoreUlr(27835): DispatchingService.onCreate()

I/GAv4-SVC(27835): Google Analytics 7.8.99 is starting up.

E/lowmemorykiller(  437): Error writing /proc/27873/oom_score_adj; errno=22

E/JavaBinder(14391): !!! FAILED BINDER TRANSACTION !!!

D/GCM     (27693): GcmService start Intent { act=com.google.android.gms.INITIALIZE flg=0x10 pkg=com.google.android.gms cmp=com.google.android.gms/.gcm.GcmService } com.google.android.gms.INITIALIZE

W/BroadcastQueue(14391): Exception when sending broadcast to ComponentInfo{com.google.android.gms/com.google.android.gms.subscribedfeeds.ConfigurationReceiver}

W/BroadcastQueue(14391): android.os.TransactionTooLargeException

W/BroadcastQueue(14391): 	at android.os.BinderProxy.transactNative(Native Method)

W/BroadcastQueue(14391): 	at android.os.BinderProxy.transact(Binder.java:496)

W/BroadcastQueue(14391): 	at android.app.ApplicationThreadProxy.scheduleReceiver(ApplicationThreadNative.java:861)

W/BroadcastQueue(14391): 	at com.android.server.am.BroadcastQueue.processCurBroadcastLocked(BroadcastQueue.java:252)

W/BroadcastQueue(14391): 	at com.android.server.am.BroadcastQueue.processNextBroadcast(BroadcastQueue.java:908)

W/BroadcastQueue(14391): 	at com.android.server.am.ActivityManagerService.finishReceiver(ActivityManagerService.java:16733)

W/BroadcastQueue(14391): 	at android.app.ActivityManagerNative.onTransact(ActivityManagerNative.java:471)

W/BroadcastQueue(14391): 	at com.android.server.am.ActivityManagerService.onTransact(ActivityManagerService.java:2327)

W/BroadcastQueue(14391): 	at android.os.Binder.execTransact(Binder.java:446)

W/ActivityManager(14391): Scheduling restart of crashed service com.google.android.gms/com.google.android.location.places.service.GeoDataService in 151078ms

W/ActivityManager(14391): Scheduling restart of crashed service com.google.android.gms/.usagereporting.service.UsageReportingService in 161077ms

I/ActivityManager(14391): Start proc 27978:com.google.android.gms/u0a18 for broadcast com.google.android.gms/.subscribedfeeds.ConfigurationReceiver

W/ActivityManager(14391): Spurious death for ProcessRecord{200f43ae 27978:com.google.android.gms/u0a18}, curProc for 27873: null

I/ActivityManager(14391): Process com.google.android.gms.wearable (pid 27910) has died

W/ActivityManager(14391): Scheduling restart of crashed service com.google.android.gms/.wearable.service.WearableService in 171047ms

V/ActivityManager(14391): killProcessGroupAsync took 36 ms for PID 27873 on thread 19

V/ActivityManager(14391): killProcessGroupAsync took 10 ms for PID 27910 on thread 19

W/ResourcesManager(27978): Asset path '/system/framework/com.android.media.remotedisplay.jar' does not exist or contains no resources.

W/ResourcesManager(27978): Asset path '/system/framework/com.android.location.provider.jar' does not exist or contains no resources.

D/BluetoothAdapter(27835): 883819392: getState() :  mService = null. Returning STATE_OFF

I/BleScanCompatLib(27835): No BLE Scanner is available - BT could be turned OFF

D/BluetoothAdapter(27835): 883819392: getState() :  mService = null. Returning STATE_OFF

I/BleScanCompatLib(27835): Building BLE scanner compat:  'L/M' hardware access layer is not available: BluetoothAdapter.getBluetoothLeScanner() is null.

I/BleScanCompatLib(27835): BLE 'JB+' software access layer enabled

I/MultiDex(27978): VM with version 2.1.0 has multidex support

I/MultiDex(27978): install

I/MultiDex(27978): VM has multidex support, MultiDex support library is disabled.

I/LoadedApk(27978): No resource references to update in package com.huunam0241.mios2015

W/GeofencerStateMachine(27835): Ignoring removeGeofence because network location is disabled.

W/GmsClient(27835): service died

W/GmsClient(27835): service died

W/GmsClient(27835): service died

W/GmsClient(27835): service died

W/GmsClient(27835): service died

W/GmsClient(27835): service died

W/GmsClient(27835): service died

W/GmsClient(27835): service died

D/Coffee-NearbyAlertTracker(27835): GoogleApiClient connection failed: ConnectionResult{statusCode=INTERNAL_ERROR, resolution=null}

V/JNIHelp (27978): Registering com/google/android/gms/org/conscrypt/NativeCrypto's 227 native methods...

I/ProviderInstaller(27978): Installed default security provider GmsCore_OpenSSL

D/AuthorizationBluetoothService(27693): Received GmsCore event: Intent { act=com.google.android.gms.INITIALIZE flg=0x10 pkg=com.google.android.gms cmp=com.google.android.gms/.auth.be.proximity.authorization.bt.AuthorizationBluetoothService$AutoStarter }.

D/GpsStatusListenerHelper(14391): Remote Listener died: android.location.IGpsStatusListener$Stub$Proxy@23f86a1f

I/ActivityManager(14391): Process com.google.android.gms.persistent (pid 27835) has died

W/ActivityManager(14391): Scheduling restart of crashed service com.google.android.gms/com.google.android.location.network.NetworkLocationService in 150810ms

W/ActivityManager(14391): Scheduling restart of crashed service com.google.android.gms/com.google.android.location.geofencer.service.GeofenceProviderService in 160809ms

W/ActivityManager(14391): Scheduling restart of crashed service com.google.android.gms/.auth.trustagent.GoogleTrustAgent in 170809ms

W/ActivityManager(14391): Scheduling restart of crashed service com.google.android.gms/com.google.android.location.internal.server.GoogleLocationService in 180809ms

W/ActivityManager(14391): Scheduling restart of crashed service com.google.android.gms/com.google.android.location.internal.GoogleLocationManagerService in 190809ms

W/ActivityManager(14391): Scheduling restart of crashed service com.google.android.gms/.deviceconnection.service.DeviceConnectionServiceBroker in 200809ms

W/ActivityManager(14391): Scheduling restart of crashed service com.google.android.gms/com.google.android.location.geocode.GeocodeService in 220810ms

W/ActivityManager(14391): Scheduling restart of crashed service com.google.android.gms/.backup.BackupTransportService in 230810ms

W/ActivityManager(14391): Scheduling restart of crashed service com.google.android.gms/com.google.android.location.reporting.service.DispatchingService in 240810ms

W/ActivityManager(14391): Scheduling restart of crashed service com.google.android.gms/.common.stats.GmsCoreStatsService in 240810ms

W/ActivityManager(14391): Scheduling restart of crashed service com.google.android.gms/com.google.android.location.internal.PendingIntentCallbackService in 250810ms

W/ActivityManager(14391): Scheduling restart of crashed service com.google.android.gms/com.google.android.location.fused.FusedLocationService in 260810ms

D/WifiService(14391): Client connection lost with reason: 4

V/BackupManagerService(14391): Disconnected from transport ComponentInfo{com.google.android.gms/com.google.android.gms.backup.BackupTransportService}

V/BackupManagerService(14391): Registering transport com.google.android.gms/.backup.BackupTransportService::null = null

I/GAv4-SVC(27978): Google Analytics 7.8.99 is starting up.

V/ActivityManager(14391): killProcessGroupAsync took 70 ms for PID 27835 on thread 19

V/GmsCoreStatsServiceLauncher(27978): Received broadcast intent Intent { act=com.google.android.gms.INITIALIZE flg=0x10 pkg=com.google.android.gms cmp=com.google.android.gms/.common.stats.GmsCoreStatsServiceLauncher }

I/ActivityManager(14391): Start proc 28012:com.google.android.gms.persistent/u0a18 for service com.google.android.gms/.common.stats.GmsCoreStatsService

W/ResourcesManager(28012): Asset path '/system/framework/com.android.media.remotedisplay.jar' does not exist or contains no resources.

I/ActivityManager(14391): Process com.google.android.gms (pid 27978) has died

W/ActivityManager(14391): Scheduling restart of crashed service com.google.android.gms/.usagereporting.service.UsageReportingService in 150606ms

W/ResourcesManager(28012): Asset path '/system/framework/com.android.location.provider.jar' does not exist or contains no resources.

V/ActivityManager(14391): killProcessGroupAsync took 27 ms for PID 27978 on thread 19

I/MultiDex(28012): VM with version 2.1.0 has multidex support

I/MultiDex(28012): install

I/MultiDex(28012): VM has multidex support, MultiDex support library is disabled.

I/LoadedApk(28012): No resource references to update in package com.huunam0241.mios2015

V/JNIHelp (28012): Registering com/google/android/gms/org/conscrypt/NativeCrypto's 227 native methods...

I/ProviderInstaller(28012): Installed default security provider GmsCore_OpenSSL

I/GCoreNlp(28012): !shouldConfirmNlp, ensuring user opted into NLP

I/ActivityManager(14391): Start proc 28035:com.google.android.gms/u0a18 for broadcast com.google.android.gms/.wearable.service.AutoStarterReceiver

W/ResourcesManager(28035): Asset path '/system/framework/com.android.media.remotedisplay.jar' does not exist or contains no resources.

W/ResourcesManager(28035): Asset path '/system/framework/com.android.location.provider.jar' does not exist or contains no resources.

D/Coffee-GoogleTrustAgent(28012): onCreate

I/MultiDex(28035): VM with version 2.1.0 has multidex support

I/MultiDex(28035): install

I/MultiDex(28035): VM has multidex support, MultiDex support library is disabled.

I/LoadedApk(28035): No resource references to update in package com.huunam0241.mios2015

D/GeofencerStateMachine(28012): Creating GeofencerStateMachine

D/WifiService(14391): New client listening to asynchronous messages

E/WakeLock(28012): callingPackage is not supposed to be empty for wakelock Wakeful StateMachine: GeofencerStateMachine!

V/JNIHelp (28035): Registering com/google/android/gms/org/conscrypt/NativeCrypto's 227 native methods...

I/art     (28012): Rejecting re-init on previously-failed class java.lang.Class<com.google.android.gms.common.util.bk>

I/art     (28012): Rejecting re-init on previously-failed class java.lang.Class<com.google.android.gms.common.util.bk>

I/ProviderInstaller(28035): Installed default security provider GmsCore_OpenSSL

D/ChimeraCfgMgr(28035): Loading module com.google.android.gms.kids from APK com.google.android.gms

D/ChimeraCfgMgr(28035): Loading module com.google.android.gms.games from APK com.google.android.play.games

D/ChimeraModuleLdr(28035): Loading module APK com.google.android.play.games

I/ActivityManager(14391): Start proc 28069:com.google.android.gms.wearable/u0a18 for service com.google.android.gms/.wearable.service.WearableService

W/InputDispatcher(14391): channel '14f35993 com.YourCompany.B2B_Test/com.epicgames.ue4.GameActivity (server)' ~ Consumer closed input channel or an error occurred.  events=0xd

E/InputDispatcher(14391): channel '14f35993 com.YourCompany.B2B_Test/com.epicgames.ue4.GameActivity (server)' ~ Channel is unrecoverably broken and will be disposed!

W/ResourcesManager(28069): Asset path '/system/framework/com.android.media.remotedisplay.jar' does not exist or contains no resources.

W/ResourcesManager(28069): Asset path '/system/framework/com.android.location.provider.jar' does not exist or contains no resources.

V/BackupManagerService(14391): Connected to transport ComponentInfo{com.google.android.gms/com.google.android.gms.backup.BackupTransportService}

V/BackupManagerService(14391): Registering transport com.google.android.gms/.backup.BackupTransportService::com.google.android.gms/.backup.BackupTransportService = com.android.internal.backup.IBackupTransport$Stub$Proxy@31903801

W/Settings(28012): Setting airplane_mode_on has moved from android.provider.Settings.System to android.provider.Settings.Global, returning read-only value.

I/ActivityManager(14391): Process com.YourCompany.B2B_Test (pid 27538) has died

W/ActivityManager(14391): Force removing ActivityRecord{37fa3e21 u0 com.YourCompany.B2B_Test/com.epicgames.ue4.GameActivity t549}: app died, no saved state

I/MultiDex(28069): VM with version 2.1.0 has multidex support

I/MultiDex(28069): install

I/MultiDex(28069): VM has multidex support, MultiDex support library is disabled.

I/LoadedApk(28069): No resource references to update in package com.huunam0241.mios2015

W/InputDispatcher(14391): Attempted to unregister already unregistered input channel '14f35993 com.YourCompany.B2B_Test/com.epicgames.ue4.GameActivity (server)'

V/ActivityManager(14391): killProcessGroupAsync took 13 ms for PID 27538 on thread 19

W/WindowManager(14391): Failed looking up window

W/WindowManager(14391): java.lang.IllegalArgumentException: Requested window android.os.BinderProxy@8eeee82 does not exist

W/WindowManager(14391): 	at com.android.server.wm.WindowManagerService.windowForClientLocked(WindowManagerService.java:8758)

W/WindowManager(14391): 	at com.android.server.wm.WindowManagerService.windowForClientLocked(WindowManagerService.java:8749)

W/WindowManager(14391): 	at com.android.server.wm.WindowState$DeathRecipient.binderDied(WindowState.java:1140)

W/WindowManager(14391): 	at android.os.BinderProxy.sendDeathNotice(Binder.java:551)

I/WindowState(14391): WIN DEATH: null



I have further testing to do but I MAY of found the cause of my problem.

My level was pretty basic but I left the default skysphere in it so that the level wasn’t completely dark while doing testing. After removing the skysphere /so far/ there have been no crashes, and another issue of my phones wallpaper turning to black after a crash has gone away as well.